CRAN Package Check Results for Package brew

Last updated on 2021-09-21 06:48:12 CEST.

Flavor Version Tinstall Tcheck Ttotal Status Flags
r-devel-linux-x86_64-debian-clang 1.0-6 2.23 21.01 23.24 NOTE
r-devel-linux-x86_64-debian-gcc 1.0-6 1.52 16.72 18.24 NOTE
r-devel-linux-x86_64-fedora-clang 1.0-6 37.39 NOTE
r-devel-linux-x86_64-fedora-gcc 1.0-6 26.82 NOTE
r-devel-windows-x86_64 1.0-6 3.00 24.00 27.00 OK
r-devel-windows-x86_64-gcc10-UCRT 1.0-6 ERROR
r-patched-linux-x86_64 1.0-6 1.92 20.64 22.56 NOTE
r-patched-solaris-x86 1.0-6 42.30 NOTE
r-release-linux-x86_64 1.0-6 1.97 20.63 22.60 NOTE
r-release-macos-arm64 1.0-6 OK
r-release-macos-x86_64 1.0-6 OK
r-release-windows-ix86+x86_64 1.0-6 5.00 27.00 32.00 OK
r-oldrel-macos-x86_64 1.0-6 OK
r-oldrel-windows-ix86+x86_64 1.0-6 4.00 23.00 27.00 OK

Check Details

Version: 1.0-6
Check: for non-standard things in the check directory
Result: NOTE
    Found the following files/directories:
     'brew-test-1-1.eps' 'brew-test-1-2.eps' 'brew-test-1.tex'
     'brew-test-2.html'
Flavors: r-devel-linux-x86_64-debian-clang, r-devel-linux-x86_64-debian-gcc, r-devel-linux-x86_64-fedora-clang, r-devel-linux-x86_64-fedora-gcc, r-patched-linux-x86_64, r-patched-solaris-x86, r-release-linux-x86_64

Version: 1.0-6
Check: whether package can be installed
Result: WARN
    Found the following significant warnings:
     WARNING: installation-time patches will not be applied, could not get the patches index
Flavor: r-devel-windows-x86_64-gcc10-UCRT

Version: 1.0-6
Check: PDF version of manual
Result: WARN
    LaTeX errors when creating PDF version.
    This typically indicates Rd problems.
Flavor: r-devel-windows-x86_64-gcc10-UCRT

Version: 1.0-6
Check: PDF version of manual without hyperrefs or index
Result: ERROR
    Re-running with no redirection of stdout/stderr.
Flavor: r-devel-windows-x86_64-gcc10-UCRT