CRAN Package Check Results for Package brxx

Last updated on 2021-09-17 06:48:38 CEST.

Flavor Version Tinstall Tcheck Ttotal Status Flags
r-devel-linux-x86_64-debian-clang 0.1.2 21.76 177.13 198.89 NOTE
r-devel-linux-x86_64-debian-gcc 0.1.2 16.14 127.64 143.78 NOTE
r-devel-linux-x86_64-fedora-clang 0.1.2 240.35 NOTE
r-devel-linux-x86_64-fedora-gcc 0.1.2 223.50 NOTE
r-devel-windows-x86_64 0.1.2 23.00 209.00 232.00 NOTE
r-devel-windows-x86_64-gcc10-UCRT 0.1.2 NOTE
r-patched-linux-x86_64 0.1.2 21.06 165.03 186.09 NOTE
r-patched-solaris-x86 0.1.2 330.30 NOTE
r-release-linux-x86_64 0.1.2 20.92 161.59 182.51 NOTE
r-release-macos-arm64 0.1.2 NOTE
r-release-macos-x86_64 0.1.2 NOTE
r-release-windows-ix86+x86_64 0.1.2 49.00 154.00 203.00 NOTE
r-oldrel-macos-x86_64 0.1.2 OK
r-oldrel-windows-ix86+x86_64 0.1.2 51.00 189.00 240.00 OK

Check Details

Version: 0.1.2
Check: LazyData
Result: NOTE
     'LazyData' is specified without a 'data' directory
Flavors: r-devel-linux-x86_64-debian-clang, r-devel-linux-x86_64-debian-gcc, r-devel-linux-x86_64-fedora-clang, r-devel-linux-x86_64-fedora-gcc, r-devel-windows-x86_64, r-devel-windows-x86_64-gcc10-UCRT, r-patched-linux-x86_64, r-patched-solaris-x86, r-release-linux-x86_64, r-release-macos-arm64, r-release-macos-x86_64, r-release-windows-ix86+x86_64