CRAN Package Check Results for Package bshazard

Last updated on 2021-09-19 06:48:48 CEST.

Flavor Version Tinstall Tcheck Ttotal Status Flags
r-devel-linux-x86_64-debian-clang 1.1 11.76 95.90 107.66 OK
r-devel-linux-x86_64-debian-gcc 1.1 8.28 71.56 79.84 OK
r-devel-linux-x86_64-fedora-clang 1.1 131.75 OK
r-devel-linux-x86_64-fedora-gcc 1.1 119.05 OK
r-devel-windows-x86_64 1.1 14.00 115.00 129.00 OK
r-devel-windows-x86_64-gcc10-UCRT 1.1 ERROR
r-patched-linux-x86_64 1.1 8.77 88.57 97.34 OK
r-patched-solaris-x86 1.1 178.70 OK
r-release-linux-x86_64 1.1 8.03 88.93 96.96 OK
r-release-macos-arm64 1.1 OK
r-release-macos-x86_64 1.1 OK
r-release-windows-ix86+x86_64 1.1 23.00 82.00 105.00 OK
r-oldrel-macos-x86_64 1.1 OK
r-oldrel-windows-ix86+x86_64 1.1 24.00 82.00 106.00 OK

Check Details

Version: 1.1
Check: whether package can be installed
Result: WARN
    Found the following significant warnings:
     WARNING: installation-time patches will not be applied, could not get the patches index
Flavor: r-devel-windows-x86_64-gcc10-UCRT

Version: 1.1
Check: PDF version of manual
Result: WARN
    LaTeX errors when creating PDF version.
    This typically indicates Rd problems.
Flavor: r-devel-windows-x86_64-gcc10-UCRT

Version: 1.1
Check: PDF version of manual without hyperrefs or index
Result: ERROR
    Re-running with no redirection of stdout/stderr.
Flavor: r-devel-windows-x86_64-gcc10-UCRT