CRAN Package Check Results for Package bspec

Last updated on 2021-09-20 07:50:22 CEST.

Flavor Version Tinstall Tcheck Ttotal Status Flags
r-devel-linux-x86_64-debian-clang 1.5 3.26 29.43 32.69 NOTE
r-devel-linux-x86_64-debian-gcc 1.5 2.78 22.74 25.52 NOTE
r-devel-linux-x86_64-fedora-clang 1.5 49.41 NOTE
r-devel-linux-x86_64-fedora-gcc 1.5 38.17 NOTE
r-devel-windows-x86_64 1.5 5.00 31.00 36.00 NOTE
r-devel-windows-x86_64-gcc10-UCRT 1.5 ERROR
r-patched-linux-x86_64 1.5 3.97 28.73 32.70 NOTE
r-patched-solaris-x86 1.5 55.40 NOTE
r-release-linux-x86_64 1.5 3.76 28.63 32.39 NOTE
r-release-macos-arm64 1.5 NOTE
r-release-macos-x86_64 1.5 NOTE
r-release-windows-ix86+x86_64 1.5 7.00 33.00 40.00 NOTE
r-oldrel-macos-x86_64 1.5 NOTE
r-oldrel-windows-ix86+x86_64 1.5 5.00 30.00 35.00 NOTE

Check Details

Version: 1.5
Check: R code for possible problems
Result: NOTE
    plot.bspec: no visible global function definition for 'par'
    plot.bspec: no visible global function definition for 'matlines'
    plot.bspec: no visible global function definition for 'points'
    plot.bspec: no visible global function definition for 'axis'
    plot.bspec: no visible global function definition for 'mtext'
    plot.bspec: no visible global function definition for 'axTicks'
    plot.bspec: no visible global function definition for 'box'
    plot.bspecACF: no visible global function definition for 'abline'
    plot.bspecACF: no visible global function definition for 'matlines'
    Undefined global functions or variables:
     abline axTicks axis box matlines mtext par points
    Consider adding
     importFrom("graphics", "abline", "axTicks", "axis", "box", "matlines",
     "mtext", "par", "points")
    to your NAMESPACE file.
Flavors: r-devel-linux-x86_64-debian-clang, r-devel-linux-x86_64-debian-gcc, r-devel-linux-x86_64-fedora-clang, r-devel-linux-x86_64-fedora-gcc, r-devel-windows-x86_64, r-devel-windows-x86_64-gcc10-UCRT, r-patched-linux-x86_64, r-patched-solaris-x86, r-release-linux-x86_64, r-release-macos-arm64, r-release-macos-x86_64, r-release-windows-ix86+x86_64, r-oldrel-macos-x86_64, r-oldrel-windows-ix86+x86_64

Version: 1.5
Check: whether package can be installed
Result: WARN
    Found the following significant warnings:
     WARNING: installation-time patches will not be applied, could not get the patches index
Flavor: r-devel-windows-x86_64-gcc10-UCRT

Version: 1.5
Check: PDF version of manual
Result: WARN
    LaTeX errors when creating PDF version.
    This typically indicates Rd problems.
Flavor: r-devel-windows-x86_64-gcc10-UCRT

Version: 1.5
Check: PDF version of manual without hyperrefs or index
Result: ERROR
    Re-running with no redirection of stdout/stderr.
Flavor: r-devel-windows-x86_64-gcc10-UCRT