Last updated on 2023-02-04 00:50:44 CET.
Flavor | Version | Tinstall | Tcheck | Ttotal | Status | Flags |
---|---|---|---|---|---|---|
r-devel-linux-x86_64-debian-clang | 0.0.2 | 12.69 | 31.00 | 43.69 | OK | |
r-devel-linux-x86_64-debian-gcc | 0.0.2 | 6.90 | 23.70 | 30.60 | OK | |
r-devel-linux-x86_64-fedora-clang | 0.0.2 | 55.19 | NOTE | |||
r-devel-linux-x86_64-fedora-gcc | 0.0.2 | 51.60 | NOTE | |||
r-patched-linux-x86_64 | 0.0.2 | 9.82 | 29.50 | 39.32 | OK | |
r-release-linux-x86_64 | 0.0.2 | 10.35 | 29.59 | 39.94 | OK | |
r-release-macos-arm64 | 0.0.2 | 20.00 | NOTE | |||
r-release-macos-x86_64 | 0.0.2 | 27.00 | NOTE | |||
r-release-windows-x86_64 | 0.0.2 | 17.00 | 60.00 | 77.00 | OK | |
r-oldrel-macos-arm64 | 0.0.2 | 21.00 | NOTE | |||
r-oldrel-macos-x86_64 | 0.0.2 | 28.00 | NOTE | |||
r-oldrel-windows-ix86+x86_64 | 0.0.2 | 17.00 | 58.00 | 75.00 | OK |
Version: 0.0.2
Check: dependencies in R code
Result: NOTE
Namespaces in Imports field not imported from:
‘Matrix’ ‘grDevices’ ‘graphics’
All declared Imports should be used.
Flavors: r-devel-linux-x86_64-fedora-clang, r-devel-linux-x86_64-fedora-gcc, r-release-macos-arm64, r-release-macos-x86_64, r-oldrel-macos-arm64, r-oldrel-macos-x86_64