CRAN Package Check Results for Package bucky

Last updated on 2021-09-22 06:48:18 CEST.

Flavor Version Tinstall Tcheck Ttotal Status Flags
r-devel-linux-x86_64-debian-clang 1.0.6 3.37 37.75 41.12 OK
r-devel-linux-x86_64-debian-gcc 1.0.6 2.55 29.36 31.91 OK
r-devel-linux-x86_64-fedora-clang 1.0.6 57.91 NOTE
r-devel-linux-x86_64-fedora-gcc 1.0.6 46.77 OK
r-devel-windows-x86_64 1.0.6 5.00 41.00 46.00 OK
r-devel-windows-x86_64-gcc10-UCRT 1.0.6 ERROR
r-patched-linux-x86_64 1.0.6 3.49 36.46 39.95 OK
r-patched-solaris-x86 1.0.6 72.30 OK
r-release-linux-x86_64 1.0.6 3.04 36.19 39.23 OK
r-release-macos-arm64 1.0.6 OK
r-release-macos-x86_64 1.0.6 OK
r-release-windows-ix86+x86_64 1.0.6 9.00 44.00 53.00 OK
r-oldrel-macos-x86_64 1.0.6 OK
r-oldrel-windows-ix86+x86_64 1.0.6 9.00 39.00 48.00 OK

Check Details

Version: 1.0.6
Check: Rd cross-references
Result: NOTE
    Undeclared package ‘mitools’ in Rd xrefs
Flavor: r-devel-linux-x86_64-fedora-clang

Version: 1.0.6
Check: PDF version of manual
Result: WARN
    LaTeX errors when creating PDF version.
    This typically indicates Rd problems.
Flavor: r-devel-windows-x86_64-gcc10-UCRT

Version: 1.0.6
Check: PDF version of manual without hyperrefs or index
Result: ERROR
    Re-running with no redirection of stdout/stderr.
Flavor: r-devel-windows-x86_64-gcc10-UCRT