CRAN Package Check Results for Package calcWOI

Last updated on 2021-09-20 07:50:22 CEST.

Flavor Version Tinstall Tcheck Ttotal Status Flags
r-devel-linux-x86_64-debian-clang 1.0.3 3.93 40.63 44.56 OK
r-devel-linux-x86_64-debian-gcc 1.0.3 3.01 31.94 34.95 OK
r-devel-linux-x86_64-fedora-clang 1.0.3 61.16 OK
r-devel-linux-x86_64-fedora-gcc 1.0.3 52.22 OK
r-devel-windows-x86_64 1.0.3 6.00 49.00 55.00 OK
r-devel-windows-x86_64-gcc10-UCRT 1.0.3 ERROR
r-patched-linux-x86_64 1.0.3 3.97 39.08 43.05 OK
r-patched-solaris-x86 1.0.3 95.40 OK
r-release-linux-x86_64 1.0.3 3.70 38.86 42.56 OK
r-release-macos-arm64 1.0.3 OK
r-release-macos-x86_64 1.0.3 OK
r-release-windows-ix86+x86_64 1.0.3 12.00 77.00 89.00 OK
r-oldrel-macos-x86_64 1.0.3 OK
r-oldrel-windows-ix86+x86_64 1.0.3 12.00 76.00 88.00 OK

Check Details

Version: 1.0.3
Check: whether package can be installed
Result: ERROR
    Installation failed.
Flavor: r-devel-windows-x86_64-gcc10-UCRT