CRAN Package Check Results for Package cancerGI

Last updated on 2021-10-27 04:00:04 CEST.

Flavor Version Tinstall Tcheck Ttotal Status Flags
r-devel-linux-x86_64-debian-clang 1.0.0 11.48 109.90 121.38 NOTE
r-devel-linux-x86_64-debian-gcc 1.0.0 9.30 82.19 91.49 NOTE
r-devel-linux-x86_64-fedora-clang 1.0.0 155.15 NOTE
r-devel-linux-x86_64-fedora-gcc 1.0.0 140.02 NOTE
r-devel-windows-x86_64 1.0.0 21.00 142.00 163.00 OK
r-devel-windows-x86_64-gcc10-UCRT 1.0.0 OK
r-patched-linux-x86_64 1.0.0 12.70 103.64 116.34 NOTE
r-patched-solaris-x86 1.0.0 212.40 NOTE
r-release-linux-x86_64 1.0.0 11.22 104.12 115.34 NOTE
r-release-macos-arm64 1.0.0 OK
r-release-macos-x86_64 1.0.0 OK
r-release-windows-ix86+x86_64 1.0.0 22.00 116.00 138.00 OK
r-oldrel-macos-x86_64 1.0.0 OK
r-oldrel-windows-ix86+x86_64 1.0.0 32.00 134.00 166.00 OK

Check Details

Version: 1.0.0
Check: for non-standard things in the check directory
Result: NOTE
    Found the following files/directories:
     'tmp.txt'
Flavors: r-devel-linux-x86_64-debian-clang, r-devel-linux-x86_64-debian-gcc, r-devel-linux-x86_64-fedora-clang, r-devel-linux-x86_64-fedora-gcc, r-patched-linux-x86_64, r-patched-solaris-x86, r-release-linux-x86_64