CRAN Package Check Results for Package candisc

Last updated on 2021-10-27 04:00:04 CEST.

Flavor Version Tinstall Tcheck Ttotal Status Flags
r-devel-linux-x86_64-debian-clang 0.8-6 7.80 71.50 79.30 OK
r-devel-linux-x86_64-debian-gcc 0.8-6 6.13 52.58 58.71 OK
r-devel-linux-x86_64-fedora-clang 0.8-6 103.36 NOTE
r-devel-linux-x86_64-fedora-gcc 0.8-6 90.03 OK
r-devel-windows-x86_64 0.8-6 12.00 92.00 104.00 OK
r-devel-windows-x86_64-gcc10-UCRT 0.8-6 OK
r-patched-linux-x86_64 0.8-6 6.80 65.79 72.59 OK
r-patched-solaris-x86 0.8-6 123.70 OK
r-release-linux-x86_64 0.8-6 6.85 66.05 72.90 OK
r-release-macos-arm64 0.8-6 OK
r-release-macos-x86_64 0.8-6 OK
r-release-windows-ix86+x86_64 0.8-6 13.00 91.00 104.00 OK
r-oldrel-macos-x86_64 0.8-6 OK
r-oldrel-windows-ix86+x86_64 0.8-6 13.00 72.00 85.00 OK

Check Details

Version: 0.8-6
Check: Rd cross-references
Result: NOTE
    Undeclared packages ‘yacca’, ‘CCA’ in Rd xrefs
Flavor: r-devel-linux-x86_64-fedora-clang