CRAN Package Check Results for Package capm

Last updated on 2021-11-27 06:50:23 CET.

Flavor Version Tinstall Tcheck Ttotal Status Flags
r-devel-linux-x86_64-debian-clang 0.14.0 OK
r-devel-linux-x86_64-debian-gcc 0.14.0 10.42 101.54 111.96 OK
r-devel-linux-x86_64-fedora-clang 0.14.0 186.60 NOTE
r-devel-linux-x86_64-fedora-gcc 0.14.0 173.18 NOTE
r-devel-windows-x86_64-new-UL 0.14.0 28.00 174.00 202.00 OK
r-devel-windows-x86_64-new-TK 0.14.0 NOTE
r-devel-windows-x86_64-old 0.14.0 21.00 163.00 184.00 OK
r-patched-linux-x86_64 0.14.0 18.69 123.03 141.72 OK
r-patched-solaris-x86 0.14.0 247.70 NOTE
r-release-linux-x86_64 0.14.0 OK
r-release-macos-arm64 0.14.0 NOTE
r-release-macos-x86_64 0.14.0 NOTE
r-release-windows-ix86+x86_64 0.14.0 35.00 112.00 147.00 OK
r-oldrel-macos-x86_64 0.14.0 NOTE
r-oldrel-windows-ix86+x86_64 0.14.0 34.00 153.00 187.00 OK

Check Details

Version: 0.14.0
Check: data for non-ASCII characters
Result: NOTE
     Note: found 59 marked UTF-8 strings
Flavors: r-devel-linux-x86_64-fedora-clang, r-devel-linux-x86_64-fedora-gcc, r-devel-windows-x86_64-new-TK, r-patched-solaris-x86, r-release-macos-arm64, r-release-macos-x86_64, r-oldrel-macos-x86_64