CRAN Package Check Results for Package caribou

Last updated on 2021-09-25 06:49:14 CEST.

Flavor Version Tinstall Tcheck Ttotal Status Flags
r-devel-linux-x86_64-debian-clang 1.1 2.84 26.09 28.93 NOTE
r-devel-linux-x86_64-debian-gcc 1.1 1.95 20.37 22.32 NOTE
r-devel-linux-x86_64-fedora-clang 1.1 43.28 NOTE
r-devel-linux-x86_64-fedora-gcc 1.1 32.92 NOTE
r-devel-windows-x86_64 1.1 3.00 30.00 33.00 NOTE
r-devel-windows-x86_64-gcc10-UCRT 1.1 NOTE
r-patched-linux-x86_64 1.1 2.45 25.40 27.85 NOTE
r-patched-solaris-x86 1.1 50.00 NOTE
r-release-linux-x86_64 1.1 2.49 25.01 27.50 NOTE
r-release-macos-arm64 1.1 NOTE
r-release-macos-x86_64 1.1 NOTE
r-release-windows-ix86+x86_64 1.1 5.00 29.00 34.00 NOTE
r-oldrel-macos-x86_64 1.1 NOTE
r-oldrel-windows-ix86+x86_64 1.1 4.00 32.00 36.00 NOTE

Check Details

Version: 1.1
Check: R code for possible problems
Result: NOTE
    abundance: no visible global function definition for 'D'
    Undefined global functions or variables:
     D
    Consider adding
     importFrom("stats", "D")
    to your NAMESPACE file.
Flavors: r-devel-linux-x86_64-debian-clang, r-devel-linux-x86_64-debian-gcc, r-devel-linux-x86_64-fedora-clang, r-devel-linux-x86_64-fedora-gcc, r-devel-windows-x86_64, r-devel-windows-x86_64-gcc10-UCRT, r-patched-linux-x86_64, r-patched-solaris-x86, r-release-linux-x86_64, r-release-macos-arm64, r-release-macos-x86_64, r-release-windows-ix86+x86_64, r-oldrel-macos-x86_64, r-oldrel-windows-ix86+x86_64