CRAN Package Check Results for Package carx

Last updated on 2021-09-20 07:50:22 CEST.

Flavor Version Tinstall Tcheck Ttotal Status Flags
r-devel-linux-x86_64-debian-clang 0.7.1 4.90 50.83 55.73 OK
r-devel-linux-x86_64-debian-gcc 0.7.1 2.99 38.55 41.54 OK
r-devel-linux-x86_64-fedora-clang 0.7.1 74.70 OK
r-devel-linux-x86_64-fedora-gcc 0.7.1 65.55 OK
r-devel-windows-x86_64 0.7.1 6.00 50.00 56.00 OK
r-devel-windows-x86_64-gcc10-UCRT 0.7.1 ERROR
r-patched-linux-x86_64 0.7.1 4.70 49.78 54.48 OK
r-patched-solaris-x86 0.7.1 84.50 OK
r-release-linux-x86_64 0.7.1 4.30 48.92 53.22 OK
r-release-macos-arm64 0.7.1 OK
r-release-macos-x86_64 0.7.1 OK
r-release-windows-ix86+x86_64 0.7.1 9.00 51.00 60.00 OK
r-oldrel-macos-x86_64 0.7.1 OK
r-oldrel-windows-ix86+x86_64 0.7.1 9.00 72.00 81.00 OK

Check Details

Version: 0.7.1
Check: whether package can be installed
Result: WARN
    Found the following significant warnings:
     WARNING: installation-time patches will not be applied, could not get the patches index
Flavor: r-devel-windows-x86_64-gcc10-UCRT

Version: 0.7.1
Check: PDF version of manual
Result: WARN
    LaTeX errors when creating PDF version.
    This typically indicates Rd problems.
Flavor: r-devel-windows-x86_64-gcc10-UCRT

Version: 0.7.1
Check: PDF version of manual without hyperrefs or index
Result: ERROR
    Re-running with no redirection of stdout/stderr.
Flavor: r-devel-windows-x86_64-gcc10-UCRT