CRAN Package Check Results for Package catseyes

Last updated on 2021-09-27 06:48:18 CEST.

Flavor Version Tinstall Tcheck Ttotal Status Flags
r-devel-linux-x86_64-debian-clang 0.2.5 2.09 23.94 26.03 NOTE
r-devel-linux-x86_64-debian-gcc 0.2.5 1.57 19.54 21.11 NOTE
r-devel-linux-x86_64-fedora-clang 0.2.5 39.86 NOTE
r-devel-linux-x86_64-fedora-gcc 0.2.5 29.82 NOTE
r-devel-windows-x86_64 0.2.5 3.00 27.00 30.00 NOTE
r-devel-windows-x86_64-gcc10-UCRT 0.2.5 NOTE
r-patched-linux-x86_64 0.2.5 1.71 21.48 23.19 NOTE
r-patched-solaris-x86 0.2.5 44.50 NOTE
r-release-linux-x86_64 0.2.5 1.72 21.59 23.31 NOTE
r-release-macos-arm64 0.2.5 NOTE
r-release-macos-x86_64 0.2.5 NOTE
r-release-windows-ix86+x86_64 0.2.5 4.00 28.00 32.00 NOTE
r-oldrel-macos-x86_64 0.2.5 OK
r-oldrel-windows-ix86+x86_64 0.2.5 4.00 29.00 33.00 OK

Check Details

Version: 0.2.5
Check: LazyData
Result: NOTE
     'LazyData' is specified without a 'data' directory
Flavors: r-devel-linux-x86_64-debian-clang, r-devel-linux-x86_64-debian-gcc, r-devel-linux-x86_64-fedora-clang, r-devel-linux-x86_64-fedora-gcc, r-devel-windows-x86_64, r-devel-windows-x86_64-gcc10-UCRT, r-patched-linux-x86_64, r-patched-solaris-x86, r-release-linux-x86_64, r-release-macos-arm64, r-release-macos-x86_64, r-release-windows-ix86+x86_64