CRAN Package Check Results for Package causact

Last updated on 2021-09-22 06:48:18 CEST.

Flavor Version Tinstall Tcheck Ttotal Status Flags
r-devel-linux-x86_64-debian-clang 0.4.0 19.64 149.57 169.21 OK
r-devel-linux-x86_64-debian-gcc 0.4.0 16.24 112.85 129.09 OK
r-devel-linux-x86_64-fedora-clang 0.4.0 269.34 OK
r-devel-linux-x86_64-fedora-gcc 0.4.0 275.03 OK
r-devel-windows-x86_64 0.4.0 23.00 142.00 165.00 OK
r-devel-windows-x86_64-gcc10-UCRT 0.4.0 ERROR
r-patched-linux-x86_64 0.4.0 21.27 143.38 164.65 OK
r-patched-solaris-x86 0.4.0 267.80 OK
r-release-linux-x86_64 0.4.0 18.94 143.00 161.94 OK
r-release-macos-arm64 0.4.0 OK
r-release-macos-x86_64 0.4.0 OK
r-release-windows-ix86+x86_64 0.4.0 46.00 142.00 188.00 OK
r-oldrel-macos-x86_64 0.4.0 OK
r-oldrel-windows-ix86+x86_64 0.4.0 47.00 211.00 258.00 OK

Check Details

Version: 0.4.0
Check: package dependencies
Result: ERROR
    Packages required but not available: 'DiagrammeR', 'greta', 'igraph'
    
    See section 'The DESCRIPTION file' in the 'Writing R Extensions'
    manual.
Flavor: r-devel-windows-x86_64-gcc10-UCRT