CRAN Package Check Results for Package cellWise

Last updated on 2021-09-20 07:50:23 CEST.

Flavor Version Tinstall Tcheck Ttotal Status Flags
r-devel-linux-x86_64-debian-clang 2.2.5 122.09 502.01 624.10 OK
r-devel-linux-x86_64-debian-gcc 2.2.5 83.06 362.60 445.66 OK
r-devel-linux-x86_64-fedora-clang 2.2.5 769.73 NOTE
r-devel-linux-x86_64-fedora-gcc 2.2.5 727.80 OK
r-devel-windows-x86_64 2.2.5 103.00 714.00 817.00 NOTE
r-devel-windows-x86_64-gcc10-UCRT 2.2.5 ERROR
r-patched-linux-x86_64 2.2.5 102.96 245.32 348.28 OK
r-patched-solaris-x86 2.2.5 542.80 NOTE
r-release-linux-x86_64 2.2.5 96.12 244.62 340.74 OK
r-release-macos-arm64 2.2.5 NOTE
r-release-macos-x86_64 2.2.5 NOTE
r-release-windows-ix86+x86_64 2.2.5 260.00 254.00 514.00 NOTE
r-oldrel-macos-x86_64 2.2.5 NOTE
r-oldrel-windows-ix86+x86_64 2.2.5 266.00 337.00 603.00 NOTE

Check Details

Version: 2.2.5
Check: installed package size
Result: NOTE
     installed size is 12.7Mb
     sub-directories of 1Mb or more:
     data 3.1Mb
     doc 2.1Mb
     libs 7.1Mb
Flavors: r-devel-linux-x86_64-fedora-clang, r-devel-windows-x86_64, r-patched-solaris-x86, r-release-macos-arm64, r-release-macos-x86_64, r-release-windows-ix86+x86_64, r-oldrel-macos-x86_64, r-oldrel-windows-ix86+x86_64

Version: 2.2.5
Check: whether package can be installed
Result: ERROR
    Installation failed.
Flavor: r-devel-windows-x86_64-gcc10-UCRT