CRAN Package Check Results for Package ceser

Last updated on 2021-09-25 06:49:14 CEST.

Flavor Version Tinstall Tcheck Ttotal Status Flags
r-devel-linux-x86_64-debian-clang 1.0.0 2.75 31.52 34.27 OK
r-devel-linux-x86_64-debian-gcc 1.0.0 2.03 24.41 26.44 OK
r-devel-linux-x86_64-fedora-clang 1.0.0 49.71 NOTE
r-devel-linux-x86_64-fedora-gcc 1.0.0 39.48 NOTE
r-devel-windows-x86_64 1.0.0 3.00 40.00 43.00 OK
r-devel-windows-x86_64-gcc10-UCRT 1.0.0 NOTE
r-patched-linux-x86_64 1.0.0 2.42 29.45 31.87 OK
r-patched-solaris-x86 1.0.0 59.20 NOTE
r-release-linux-x86_64 1.0.0 2.56 29.35 31.91 OK
r-release-macos-arm64 1.0.0 NOTE
r-release-macos-x86_64 1.0.0 NOTE
r-release-windows-ix86+x86_64 1.0.0 6.00 37.00 43.00 OK
r-oldrel-macos-x86_64 1.0.0 NOTE
r-oldrel-windows-ix86+x86_64 1.0.0 4.00 39.00 43.00 OK

Check Details

Version: 1.0.0
Check: dependencies in R code
Result: NOTE
    Namespace in Imports field not imported from: ‘lmtest’
     All declared Imports should be used.
Flavors: r-devel-linux-x86_64-fedora-clang, r-devel-linux-x86_64-fedora-gcc, r-devel-windows-x86_64-gcc10-UCRT, r-patched-solaris-x86, r-release-macos-arm64, r-release-macos-x86_64, r-oldrel-macos-x86_64