CRAN Package Check Results for Package cfmortality

Last updated on 2023-06-01 02:53:44 CEST.

Flavor Version Tinstall Tcheck Ttotal Status Flags
r-devel-linux-x86_64-debian-clang 0.3.0 1.97 19.42 21.39 NOTE
r-devel-linux-x86_64-debian-gcc 0.3.0 1.67 15.31 16.98 NOTE
r-devel-linux-x86_64-fedora-clang 0.3.0 27.07 NOTE
r-devel-linux-x86_64-fedora-gcc 0.3.0 25.41 NOTE
r-devel-windows-x86_64 0.3.0 4.00 34.00 38.00 NOTE
r-patched-linux-x86_64 0.3.0 NOTE
r-release-linux-x86_64 0.3.0 2.05 18.55 20.60 NOTE
r-release-macos-arm64 0.3.0 13.00 NOTE
r-release-macos-x86_64 0.3.0 17.00 NOTE
r-release-windows-x86_64 0.3.0 2.00 37.00 39.00 NOTE
r-oldrel-macos-arm64 0.3.0 14.00 NOTE
r-oldrel-macos-x86_64 0.3.0 18.00 NOTE
r-oldrel-windows-x86_64 0.3.0 4.00 38.00 42.00 NOTE

Check Details

Version: 0.3.0
Check: LazyData
Result: NOTE
     'LazyData' is specified without a 'data' directory
Flavors: r-devel-linux-x86_64-debian-clang, r-devel-linux-x86_64-debian-gcc, r-devel-linux-x86_64-fedora-clang, r-devel-linux-x86_64-fedora-gcc, r-devel-windows-x86_64, r-patched-linux-x86_64, r-release-linux-x86_64, r-release-macos-arm64, r-release-macos-x86_64, r-release-windows-x86_64, r-oldrel-macos-arm64, r-oldrel-macos-x86_64, r-oldrel-windows-x86_64