CRAN Package Check Results for Package chartql

Last updated on 2021-09-25 06:49:14 CEST.

Flavor Version Tinstall Tcheck Ttotal Status Flags
r-devel-linux-x86_64-debian-clang 0.1.0 3.99 50.44 54.43 NOTE
r-devel-linux-x86_64-debian-gcc 0.1.0 3.24 37.19 40.43 NOTE
r-devel-linux-x86_64-fedora-clang 0.1.0 73.35 NOTE
r-devel-linux-x86_64-fedora-gcc 0.1.0 60.39 NOTE
r-devel-windows-x86_64 0.1.0 6.00 51.00 57.00 NOTE
r-devel-windows-x86_64-gcc10-UCRT 0.1.0 NOTE
r-patched-linux-x86_64 0.1.0 4.13 45.83 49.96 NOTE
r-patched-solaris-x86 0.1.0 92.40 NOTE
r-release-linux-x86_64 0.1.0 3.90 45.67 49.57 NOTE
r-release-macos-arm64 0.1.0 NOTE
r-release-macos-x86_64 0.1.0 NOTE
r-release-windows-ix86+x86_64 0.1.0 13.00 52.00 65.00 NOTE
r-oldrel-macos-x86_64 0.1.0 OK
r-oldrel-windows-ix86+x86_64 0.1.0 11.00 48.00 59.00 OK

Check Details

Version: 0.1.0
Check: LazyData
Result: NOTE
     'LazyData' is specified without a 'data' directory
Flavors: r-devel-linux-x86_64-debian-clang, r-devel-linux-x86_64-debian-gcc, r-devel-linux-x86_64-fedora-clang, r-devel-linux-x86_64-fedora-gcc, r-devel-windows-x86_64, r-devel-windows-x86_64-gcc10-UCRT, r-patched-linux-x86_64, r-patched-solaris-x86, r-release-linux-x86_64, r-release-macos-arm64, r-release-macos-x86_64, r-release-windows-ix86+x86_64