CRAN Package Check Results for Package checkmate

Last updated on 2021-10-21 12:57:55 CEST.

Flavor Version Tinstall Tcheck Ttotal Status Flags
r-devel-linux-x86_64-debian-clang 2.0.0 9.68 84.43 94.11 OK
r-devel-linux-x86_64-debian-gcc 2.0.0 8.17 63.85 72.02 OK
r-devel-linux-x86_64-fedora-clang 2.0.0 122.98 OK
r-devel-linux-x86_64-fedora-gcc 2.0.0 112.65 OK
r-devel-windows-x86_64 2.0.0 19.00 130.00 149.00 OK
r-devel-windows-x86_64-gcc10-UCRT 2.0.0 OK
r-patched-linux-x86_64 2.0.0 12.55 77.80 90.35 OK
r-patched-solaris-x86 2.0.0 141.10 ERROR
r-release-linux-x86_64 2.0.0 8.61 78.93 87.54 OK
r-release-macos-arm64 2.0.0 OK
r-release-macos-x86_64 2.0.0 OK
r-release-windows-ix86+x86_64 2.0.0 25.00 150.00 175.00 OK
r-oldrel-macos-x86_64 2.0.0 OK
r-oldrel-windows-ix86+x86_64 2.0.0 38.00 158.00 196.00 OK

Check Details

Version: 2.0.0
Check: tests
Result: ERROR
     Running ‘test-all.R’ [26s/30s]
    Running the tests in ‘tests/test-all.R’ failed.
    Complete output:
     > library(testthat)
     > test_check("checkmate")
     Loading required package: checkmate
     ══ Skipped tests ═══════════════════════════════════════════════════════════════
     • On CRAN (1)
    
     ══ Failed tests ════════════════════════════════════════════════════════════════
     ── Failure (test_checkNames.R:34:3): checkNames ────────────────────────────────
     testNames("ä", type = "strict") is not FALSE
    
     `actual`: TRUE
     `expected`: FALSE
     ── Failure (test_checkNames.R:35:3): checkNames ────────────────────────────────
     testNames("ä", type = "ids") is not FALSE
    
     `actual`: TRUE
     `expected`: FALSE
    
     [ FAIL 2 | WARN 0 | SKIP 1 | PASS 2899 ]
     Error: Test failures
     Execution halted
Flavor: r-patched-solaris-x86