CRAN Package Check Results for Package classGraph

Last updated on 2021-09-21 06:48:14 CEST.

Flavor Version Tinstall Tcheck Ttotal Status Flags
r-devel-linux-x86_64-debian-clang 0.7-5 4.34 53.22 57.56 OK
r-devel-linux-x86_64-debian-gcc 0.7-5 3.47 41.61 45.08 OK
r-devel-linux-x86_64-fedora-clang 0.7-5 78.25 OK
r-devel-linux-x86_64-fedora-gcc 0.7-5 68.07 OK
r-devel-windows-x86_64 0.7-5 7.00 52.00 59.00 OK
r-devel-windows-x86_64-gcc10-UCRT 0.7-5 ERROR
r-patched-linux-x86_64 0.7-5 4.17 51.07 55.24 OK
r-patched-solaris-x86 0.7-5 99.50 OK
r-release-linux-x86_64 0.7-5 4.36 51.60 55.96 OK
r-release-macos-arm64 0.7-5 OK
r-release-macos-x86_64 0.7-5 OK
r-release-windows-ix86+x86_64 0.7-5 11.00 54.00 65.00 OK
r-oldrel-macos-x86_64 0.7-5 OK
r-oldrel-windows-ix86+x86_64 0.7-5 10.00 58.00 68.00 OK

Check Details

Version: 0.7-5
Check: whether package can be installed
Result: WARN
    Found the following significant warnings:
     WARNING: installation-time patches will not be applied, could not get the patches index
Flavor: r-devel-windows-x86_64-gcc10-UCRT

Version: 0.7-5
Check: PDF version of manual
Result: WARN
    LaTeX errors when creating PDF version.
    This typically indicates Rd problems.
Flavor: r-devel-windows-x86_64-gcc10-UCRT

Version: 0.7-5
Check: PDF version of manual without hyperrefs or index
Result: ERROR
    Re-running with no redirection of stdout/stderr.
Flavor: r-devel-windows-x86_64-gcc10-UCRT