CRAN Package Check Results for Package clere

Last updated on 2021-09-17 06:48:39 CEST.

Flavor Version Tinstall Tcheck Ttotal Status Flags
r-devel-linux-x86_64-debian-clang 1.2.0 121.95 70.49 192.44 OK
r-devel-linux-x86_64-debian-gcc 1.2.0 86.36 55.22 141.58 OK
r-devel-linux-x86_64-fedora-clang 1.2.0 265.59 NOTE
r-devel-linux-x86_64-fedora-gcc 1.2.0 247.35 OK
r-devel-windows-x86_64 1.2.0 93.00 126.00 219.00 OK
r-devel-windows-x86_64-gcc10-UCRT 1.2.0 OK
r-patched-linux-x86_64 1.2.0 105.46 73.20 178.66 OK
r-patched-solaris-x86 1.2.0 232.20 OK
r-release-linux-x86_64 1.2.0 93.49 74.20 167.69 OK
r-release-macos-arm64 1.2.0 NOTE
r-release-macos-x86_64 1.2.0 NOTE
r-release-windows-ix86+x86_64 1.2.0 253.00 110.00 363.00 OK
r-oldrel-macos-x86_64 1.2.0 NOTE
r-oldrel-windows-ix86+x86_64 1.2.0 178.00 132.00 310.00 OK

Check Details

Version: 1.2.0
Check: installed package size
Result: NOTE
     installed size is 20.4Mb
     sub-directories of 1Mb or more:
     libs 19.6Mb
Flavors: r-devel-linux-x86_64-fedora-clang, r-release-macos-arm64, r-release-macos-x86_64, r-oldrel-macos-x86_64