CRAN Package Check Results for Package clickR

Last updated on 2021-09-21 06:48:14 CEST.

Flavor Version Tinstall Tcheck Ttotal Status Flags
r-devel-linux-x86_64-debian-clang 0.8.0 4.31 33.55 37.86 OK
r-devel-linux-x86_64-debian-gcc 0.8.0 3.02 25.64 28.66 OK
r-devel-linux-x86_64-fedora-clang 0.8.0 54.21 OK
r-devel-linux-x86_64-fedora-gcc 0.8.0 44.21 OK
r-devel-windows-x86_64 0.8.0 6.00 38.00 44.00 OK
r-devel-windows-x86_64-gcc10-UCRT 0.8.0 ERROR
r-patched-linux-x86_64 0.8.0 3.60 32.49 36.09 OK
r-patched-solaris-x86 0.8.0 60.50 OK
r-release-linux-x86_64 0.8.0 3.77 32.36 36.13 OK
r-release-macos-arm64 0.8.0 OK
r-release-macos-x86_64 0.8.0 OK
r-release-windows-ix86+x86_64 0.8.0 9.00 36.00 45.00 OK
r-oldrel-macos-x86_64 0.8.0 OK
r-oldrel-windows-ix86+x86_64 0.8.0 8.00 55.00 63.00 OK

Check Details

Version: 0.8.0
Check: whether package can be installed
Result: WARN
    Found the following significant warnings:
     WARNING: installation-time patches will not be applied, could not get the patches index
Flavor: r-devel-windows-x86_64-gcc10-UCRT

Version: 0.8.0
Check: PDF version of manual
Result: WARN
    LaTeX errors when creating PDF version.
    This typically indicates Rd problems.
Flavor: r-devel-windows-x86_64-gcc10-UCRT

Version: 0.8.0
Check: PDF version of manual without hyperrefs or index
Result: ERROR
    Re-running with no redirection of stdout/stderr.
Flavor: r-devel-windows-x86_64-gcc10-UCRT