CRAN Package Check Results for Package climaemet

Last updated on 2021-09-22 06:48:19 CEST.

Flavor Version Tinstall Tcheck Ttotal Status Flags
r-devel-linux-x86_64-debian-clang 1.0.0 7.84 64.22 72.06 OK
r-devel-linux-x86_64-debian-gcc 1.0.0 5.54 47.32 52.86 OK
r-devel-linux-x86_64-fedora-clang 1.0.0 94.24 OK
r-devel-linux-x86_64-fedora-gcc 1.0.0 79.08 OK
r-devel-windows-x86_64 1.0.0 9.00 67.00 76.00 OK
r-devel-windows-x86_64-gcc10-UCRT 1.0.0 ERROR
r-patched-linux-x86_64 1.0.0 5.87 58.15 64.02 OK
r-patched-solaris-x86 1.0.0 114.50 OK
r-release-linux-x86_64 1.0.0 4.90 58.85 63.75 OK
r-release-macos-arm64 1.0.0 OK
r-release-macos-x86_64 1.0.0 OK
r-release-windows-ix86+x86_64 1.0.0 15.00 74.00 89.00 OK
r-oldrel-macos-x86_64 1.0.0 OK
r-oldrel-windows-ix86+x86_64 1.0.0 15.00 77.00 92.00 OK

Check Details

Version: 1.0.0
Check: package dependencies
Result: NOTE
    Packages suggested but not available for checking: 'jpeg', 'sf'
Flavor: r-devel-windows-x86_64-gcc10-UCRT

Version: 1.0.0
Check: examples
Result: ERROR
    Running examples in 'climaemet-Ex.R' failed
    The error most likely occurred in:
    
    > ### Name: ggstripes
    > ### Title: Warming stripes graph
    > ### Aliases: ggstripes
    >
    > ### ** Examples
    >
    >
    >
    > library(ggplot2)
    >
    > data <- climaemet::climaemet_9434_temp
    >
    > ggstripes(data, plot_title = "Zaragoza Airport") +
    + labs(subtitle = "(1950-2020)")
    Climate stripes plotting ...
    >
    > ggstripes(data, plot_title = "Zaragoza Airport", plot_type = "trend") +
    + labs(subtitle = "(1950-2020)")
    Climate stripes with temperature line trend plotting ...
    Error in loadNamespace(x) : there is no package called 'jpeg'
    Calls: ggstripes ... loadNamespace -> withRestarts -> withOneRestart -> doWithOneRestart
    Execution halted
Flavor: r-devel-windows-x86_64-gcc10-UCRT

Version: 1.0.0
Check: PDF version of manual
Result: WARN
    LaTeX errors when creating PDF version.
    This typically indicates Rd problems.
Flavor: r-devel-windows-x86_64-gcc10-UCRT

Version: 1.0.0
Check: PDF version of manual without hyperrefs or index
Result: ERROR
    Re-running with no redirection of stdout/stderr.
Flavor: r-devel-windows-x86_64-gcc10-UCRT