CRAN Package Check Results for Package clime

Last updated on 2022-01-18 07:52:20 CET.

Flavor Version Tinstall Tcheck Ttotal Status Flags
r-devel-linux-x86_64-debian-clang 0.4.1 2.24 48.86 51.10 NOTE
r-devel-linux-x86_64-debian-gcc 0.4.1 1.83 38.52 40.35 NOTE
r-devel-linux-x86_64-fedora-clang 0.4.1 61.42 NOTE
r-devel-linux-x86_64-fedora-gcc 0.4.1 48.89 NOTE
r-devel-windows-x86_64-new-UL 0.4.1 17.00 70.00 87.00 NOTE
r-devel-windows-x86_64-new-TK 0.4.1 NOTE
r-patched-linux-x86_64 0.4.1 1.91 46.02 47.93 NOTE
r-release-linux-x86_64 0.4.1 NOTE
r-release-macos-arm64 0.4.1 NOTE
r-release-macos-x86_64 0.4.1 NOTE
r-release-windows-ix86+x86_64 0.4.1 6.00 47.00 53.00 NOTE
r-oldrel-macos-x86_64 0.4.1 NOTE
r-oldrel-windows-ix86+x86_64 0.4.1 5.00 45.00 50.00 NOTE

Check Details

Version: 0.4.1
Check: package dependencies
Result: NOTE
    Package suggested but not available for checking: 'scio'
Flavors: r-devel-linux-x86_64-debian-clang, r-devel-linux-x86_64-debian-gcc, r-devel-linux-x86_64-fedora-clang, r-devel-linux-x86_64-fedora-gcc, r-devel-windows-x86_64-new-UL, r-devel-windows-x86_64-new-TK, r-patched-linux-x86_64, r-release-linux-x86_64, r-release-macos-arm64, r-release-macos-x86_64

Version: 0.4.1
Check: R code for possible problems
Result: NOTE
    clime: no visible global function definition for 'cov'
    cv.clime: no visible global function definition for 'cov'
    cv.clime: no visible binding for global variable 'sd'
    Undefined global functions or variables:
     cov sd
    Consider adding
     importFrom("stats", "cov", "sd")
    to your NAMESPACE file.
Flavors: r-devel-linux-x86_64-debian-clang, r-devel-linux-x86_64-debian-gcc, r-devel-linux-x86_64-fedora-clang, r-devel-linux-x86_64-fedora-gcc, r-devel-windows-x86_64-new-UL, r-devel-windows-x86_64-new-TK, r-patched-linux-x86_64, r-release-linux-x86_64, r-release-macos-arm64, r-release-macos-x86_64, r-release-windows-ix86+x86_64, r-oldrel-macos-x86_64, r-oldrel-windows-ix86+x86_64