CRAN Package Check Results for Package clinfun

Last updated on 2021-09-21 06:48:14 CEST.

Flavor Version Tinstall Tcheck Ttotal Status Flags
r-devel-linux-x86_64-debian-clang 1.0.15 8.99 52.56 61.55 OK
r-devel-linux-x86_64-debian-gcc 1.0.15 6.66 39.74 46.40 OK
r-devel-linux-x86_64-fedora-clang 1.0.15 83.12 OK
r-devel-linux-x86_64-fedora-gcc 1.0.15 70.24 OK
r-devel-windows-x86_64 1.0.15 14.00 55.00 69.00 OK
r-devel-windows-x86_64-gcc10-UCRT 1.0.15 ERROR
r-patched-linux-x86_64 1.0.15 9.14 51.14 60.28 OK
r-patched-solaris-x86 1.0.15 105.60 OK
r-release-linux-x86_64 1.0.15 8.72 50.73 59.45 OK
r-release-macos-arm64 1.0.15 OK
r-release-macos-x86_64 1.0.15 OK
r-release-windows-ix86+x86_64 1.0.15 27.00 79.00 106.00 OK
r-oldrel-macos-x86_64 1.0.15 OK
r-oldrel-windows-ix86+x86_64 1.0.15 27.00 71.00 98.00 OK

Check Details

Version: 1.0.15
Check: whether package can be installed
Result: ERROR
    Installation failed.
Flavor: r-devel-windows-x86_64-gcc10-UCRT