CRAN Package Check Results for Package cocorresp

Last updated on 2021-09-18 09:53:19 CEST.

Flavor Version Tinstall Tcheck Ttotal Status Flags
r-devel-linux-x86_64-debian-clang 0.4-3 8.76 95.40 104.16 OK
r-devel-linux-x86_64-debian-gcc 0.4-3 8.28 72.73 81.01 OK
r-devel-linux-x86_64-fedora-clang 0.4-3 134.30 NOTE
r-devel-linux-x86_64-fedora-gcc 0.4-3 124.53 OK
r-devel-windows-x86_64 0.4-3 11.00 130.00 141.00 OK
r-devel-windows-x86_64-gcc10-UCRT 0.4-3 OK
r-patched-linux-x86_64 0.4-3 13.72 92.19 105.91 OK
r-patched-solaris-x86 0.4-3 178.80 OK
r-release-linux-x86_64 0.4-3 9.29 93.06 102.35 OK
r-release-macos-arm64 0.4-3 OK
r-release-macos-x86_64 0.4-3 OK
r-release-windows-ix86+x86_64 0.4-3 21.00 90.00 111.00 OK
r-oldrel-macos-x86_64 0.4-3 OK
r-oldrel-windows-ix86+x86_64 0.4-3 19.00 123.00 142.00 OK

Check Details

Version: 0.4-3
Check: Rd cross-references
Result: NOTE
    Undeclared package ‘pls’ in Rd xrefs
Flavor: r-devel-linux-x86_64-fedora-clang