CRAN Package Check Results for Package codeCollection

Last updated on 2021-10-22 12:59:09 CEST.

Flavor Version Tinstall Tcheck Ttotal Status Flags
r-devel-linux-x86_64-debian-clang 0.1.2 3.36 24.44 27.80 OK
r-devel-linux-x86_64-debian-gcc 0.1.2 2.84 19.39 22.23 OK
r-devel-linux-x86_64-fedora-clang 0.1.2 45.58 NOTE
r-devel-linux-x86_64-fedora-gcc 0.1.2 34.80 NOTE
r-devel-windows-x86_64 0.1.2 6.00 42.00 48.00 OK
r-devel-windows-x86_64-gcc10-UCRT 0.1.2 NOTE
r-patched-linux-x86_64 0.1.2 3.51 24.07 27.58 OK
r-patched-solaris-x86 0.1.2 54.60 NOTE
r-release-linux-x86_64 0.1.2 3.21 23.67 26.88 OK
r-release-macos-arm64 0.1.2 NOTE
r-release-macos-x86_64 0.1.2 NOTE
r-release-windows-ix86+x86_64 0.1.2 8.00 48.00 56.00 OK
r-oldrel-macos-x86_64 0.1.2 NOTE
r-oldrel-windows-ix86+x86_64 0.1.2 7.00 44.00 51.00 OK

Check Details

Version: 0.1.2
Check: data for non-ASCII characters
Result: NOTE
     Note: found 30244 marked UTF-8 strings
Flavors: r-devel-linux-x86_64-fedora-clang, r-devel-linux-x86_64-fedora-gcc, r-devel-windows-x86_64-gcc10-UCRT, r-patched-solaris-x86, r-release-macos-arm64, r-release-macos-x86_64, r-oldrel-macos-x86_64