CRAN Package Check Results for Package colf

Last updated on 2021-09-25 06:49:15 CEST.

Flavor Version Tinstall Tcheck Ttotal Status Flags
r-devel-linux-x86_64-debian-clang 0.1.3 2.20 29.26 31.46 NOTE
r-devel-linux-x86_64-debian-gcc 0.1.3 1.79 23.12 24.91 NOTE
r-devel-linux-x86_64-fedora-clang 0.1.3 47.57 NOTE
r-devel-linux-x86_64-fedora-gcc 0.1.3 37.68 NOTE
r-devel-windows-x86_64 0.1.3 3.00 38.00 41.00 NOTE
r-devel-windows-x86_64-gcc10-UCRT 0.1.3 NOTE
r-patched-linux-x86_64 0.1.3 2.41 28.76 31.17 NOTE
r-patched-solaris-x86 0.1.3 58.60 NOTE
r-release-linux-x86_64 0.1.3 2.27 28.27 30.54 NOTE
r-release-macos-arm64 0.1.3 NOTE
r-release-macos-x86_64 0.1.3 NOTE
r-release-windows-ix86+x86_64 0.1.3 6.00 34.00 40.00 NOTE
r-oldrel-macos-x86_64 0.1.3 OK
r-oldrel-windows-ix86+x86_64 0.1.3 4.00 36.00 40.00 OK

Check Details

Version: 0.1.3
Check: LazyData
Result: NOTE
     'LazyData' is specified without a 'data' directory
Flavors: r-devel-linux-x86_64-debian-clang, r-devel-linux-x86_64-debian-gcc, r-devel-linux-x86_64-fedora-clang, r-devel-linux-x86_64-fedora-gcc, r-devel-windows-x86_64, r-devel-windows-x86_64-gcc10-UCRT, r-patched-linux-x86_64, r-patched-solaris-x86, r-release-linux-x86_64, r-release-macos-arm64, r-release-macos-x86_64, r-release-windows-ix86+x86_64