CRAN Package Check Results for Package colourvalues

Last updated on 2021-09-21 06:48:14 CEST.

Flavor Version Tinstall Tcheck Ttotal Status Flags
r-devel-linux-x86_64-debian-clang 0.3.7 95.97 35.23 131.20 NOTE
r-devel-linux-x86_64-debian-gcc 0.3.7 64.73 27.98 92.71 NOTE
r-devel-linux-x86_64-fedora-clang 0.3.7 199.13 NOTE
r-devel-linux-x86_64-fedora-gcc 0.3.7 171.94 NOTE
r-devel-windows-x86_64 0.3.7 87.00 52.00 139.00 NOTE
r-devel-windows-x86_64-gcc10-UCRT 0.3.7 ERROR
r-patched-linux-x86_64 0.3.7 77.17 34.17 111.34 NOTE
r-patched-solaris-x86 0.3.7 158.20 NOTE
r-release-linux-x86_64 0.3.7 76.17 34.07 110.24 NOTE
r-release-macos-arm64 0.3.7 NOTE
r-release-macos-x86_64 0.3.7 NOTE
r-release-windows-ix86+x86_64 0.3.7 214.00 66.00 280.00 NOTE
r-oldrel-macos-x86_64 0.3.7 NOTE
r-oldrel-windows-ix86+x86_64 0.3.7 218.00 73.00 291.00 OK

Check Details

Version: 0.3.7
Check: LazyData
Result: NOTE
     'LazyData' is specified without a 'data' directory
Flavors: r-devel-linux-x86_64-debian-clang, r-devel-linux-x86_64-debian-gcc, r-devel-linux-x86_64-fedora-clang, r-devel-linux-x86_64-fedora-gcc, r-devel-windows-x86_64, r-patched-linux-x86_64, r-patched-solaris-x86, r-release-linux-x86_64, r-release-macos-arm64, r-release-macos-x86_64, r-release-windows-ix86+x86_64

Version: 0.3.7
Check: installed package size
Result: NOTE
     installed size is 6.9Mb
     sub-directories of 1Mb or more:
     libs 5.6Mb
Flavors: r-devel-linux-x86_64-fedora-clang, r-release-macos-arm64, r-release-macos-x86_64, r-oldrel-macos-x86_64

Version: 0.3.7
Check: whether package can be installed
Result: ERROR
    Installation failed.
Flavor: r-devel-windows-x86_64-gcc10-UCRT