CRAN Package Check Results for Package compas

Last updated on 2021-11-27 08:50:33 CET.

Flavor Version Tinstall Tcheck Ttotal Status Flags
r-devel-linux-x86_64-debian-clang 0.1 OK
r-devel-linux-x86_64-debian-gcc 0.1 70.90 25.34 96.24 OK
r-devel-linux-x86_64-fedora-clang 0.1 188.86 NOTE
r-devel-linux-x86_64-fedora-gcc 0.1 168.53 OK
r-devel-windows-x86_64-new-UL 0.1 108.00 104.00 212.00 OK
r-devel-windows-x86_64-new-TK 0.1 OK
r-devel-windows-x86_64-old 0.1 82.00 86.00 168.00 OK
r-patched-linux-x86_64 0.1 87.96 30.55 118.51 OK
r-patched-solaris-x86 0.1 161.50 OK
r-release-linux-x86_64 0.1 OK
r-release-macos-arm64 0.1 NOTE
r-release-macos-x86_64 0.1 NOTE
r-release-windows-ix86+x86_64 0.1 203.00 64.00 267.00 OK
r-oldrel-macos-x86_64 0.1 NOTE
r-oldrel-windows-ix86+x86_64 0.1 145.00 75.00 220.00 OK

Check Details

Version: 0.1
Check: installed package size
Result: NOTE
     installed size is 26.8Mb
     sub-directories of 1Mb or more:
     R 1.5Mb
     libs 25.1Mb
Flavors: r-devel-linux-x86_64-fedora-clang, r-release-macos-arm64, r-release-macos-x86_64, r-oldrel-macos-x86_64