Last updated on 2025-06-24 01:50:19 CEST.
Flavor | Version | Tinstall | Tcheck | Ttotal | Status | Flags |
---|---|---|---|---|---|---|
r-devel-linux-x86_64-debian-clang | 1.0.6 | 446.07 | 178.74 | 624.81 | OK | |
r-devel-linux-x86_64-debian-gcc | 1.0.6 | 410.73 | 167.11 | 577.84 | OK | |
r-devel-linux-x86_64-fedora-clang | 1.0.6 | 934.13 | OK | |||
r-devel-linux-x86_64-fedora-gcc | 1.0.6 | 1220.66 | OK | |||
r-devel-windows-x86_64 | 1.0.6 | 504.00 | 229.00 | 733.00 | OK | |
r-patched-linux-x86_64 | 1.0.6 | 531.03 | 222.18 | 753.21 | OK | |
r-release-linux-x86_64 | 1.0.6 | 519.32 | 223.04 | 742.36 | OK | |
r-release-macos-arm64 | 1.0.6 | 228.00 | OK | |||
r-release-macos-x86_64 | 1.0.6 | 349.00 | OK | |||
r-release-windows-x86_64 | 1.0.6 | 494.00 | 239.00 | 733.00 | OK | |
r-oldrel-macos-arm64 | 1.0.6 | 141.00 | NOTE | |||
r-oldrel-macos-x86_64 | 1.0.6 | 152.00 | NOTE | |||
r-oldrel-windows-x86_64 | 1.0.6 | 571.00 | 291.00 | 862.00 | NOTE |
Version: 1.0.6
Check: installed package size
Result: NOTE
installed size is 101.0Mb
sub-directories of 1Mb or more:
libs 99.8Mb
Flavors: r-oldrel-macos-arm64, r-oldrel-macos-x86_64, r-oldrel-windows-x86_64
Version: 1.0.6
Check: for GNU extensions in Makefiles
Result: NOTE
GNU make is a SystemRequirements.
Flavors: r-oldrel-macos-arm64, r-oldrel-macos-x86_64, r-oldrel-windows-x86_64