CRAN Package Check Results for Package condGEE

Last updated on 2021-09-19 06:48:50 CEST.

Flavor Version Tinstall Tcheck Ttotal Status Flags
r-devel-linux-x86_64-debian-clang 0.1-4 2.23 26.70 28.93 NOTE
r-devel-linux-x86_64-debian-gcc 0.1-4 1.72 20.92 22.64 NOTE
r-devel-linux-x86_64-fedora-clang 0.1-4 43.93 NOTE
r-devel-linux-x86_64-fedora-gcc 0.1-4 33.28 NOTE
r-devel-windows-x86_64 0.1-4 4.00 44.00 48.00 NOTE
r-devel-windows-x86_64-gcc10-UCRT 0.1-4 ERROR
r-patched-linux-x86_64 0.1-4 2.04 25.30 27.34 NOTE
r-patched-solaris-x86 0.1-4 52.80 NOTE
r-release-linux-x86_64 0.1-4 1.79 24.98 26.77 NOTE
r-release-macos-arm64 0.1-4 NOTE
r-release-macos-x86_64 0.1-4 NOTE
r-release-windows-ix86+x86_64 0.1-4 5.00 32.00 37.00 NOTE
r-oldrel-macos-x86_64 0.1-4 NOTE
r-oldrel-windows-ix86+x86_64 0.1-4 4.00 31.00 35.00 NOTE

Check Details

Version: 0.1-4
Check: R code for possible problems
Result: NOTE
    K1.norm: no visible global function definition for 'dnorm'
    K1.norm: no visible global function definition for 'pnorm'
    K1.t3: no visible global function definition for 'pt'
    K2.norm: no visible global function definition for 'dnorm'
    K2.norm: no visible global function definition for 'pnorm'
    K2.t3: no visible global function definition for 'pt'
    Undefined global functions or variables:
     dnorm pnorm pt
    Consider adding
     importFrom("stats", "dnorm", "pnorm", "pt")
    to your NAMESPACE file.
Flavors: r-devel-linux-x86_64-debian-clang, r-devel-linux-x86_64-debian-gcc, r-devel-linux-x86_64-fedora-clang, r-devel-linux-x86_64-fedora-gcc, r-devel-windows-x86_64, r-devel-windows-x86_64-gcc10-UCRT, r-patched-linux-x86_64, r-patched-solaris-x86, r-release-linux-x86_64, r-release-macos-arm64, r-release-macos-x86_64, r-release-windows-ix86+x86_64, r-oldrel-macos-x86_64, r-oldrel-windows-ix86+x86_64

Version: 0.1-4
Check: whether package can be installed
Result: WARN
    Found the following significant warnings:
     WARNING: installation-time patches will not be applied, could not get the patches index
Flavor: r-devel-windows-x86_64-gcc10-UCRT

Version: 0.1-4
Check: PDF version of manual
Result: WARN
    LaTeX errors when creating PDF version.
    This typically indicates Rd problems.
Flavor: r-devel-windows-x86_64-gcc10-UCRT

Version: 0.1-4
Check: PDF version of manual without hyperrefs or index
Result: ERROR
    Re-running with no redirection of stdout/stderr.
Flavor: r-devel-windows-x86_64-gcc10-UCRT