CRAN Package Check Results for Package condMVNorm

Last updated on 2021-09-22 06:48:19 CEST.

Flavor Version Tinstall Tcheck Ttotal Status Flags
r-devel-linux-x86_64-debian-clang 2020.1 1.81 23.10 24.91 OK
r-devel-linux-x86_64-debian-gcc 2020.1 1.55 18.29 19.84 OK
r-devel-linux-x86_64-fedora-clang 2020.1 39.06 OK
r-devel-linux-x86_64-fedora-gcc 2020.1 28.93 OK
r-devel-windows-x86_64 2020.1 3.00 30.00 33.00 OK
r-devel-windows-x86_64-gcc10-UCRT 2020.1 ERROR
r-patched-linux-x86_64 2020.1 2.29 22.21 24.50 OK
r-patched-solaris-x86 2020.1 45.00 OK
r-release-linux-x86_64 2020.1 1.69 22.23 23.92 OK
r-release-macos-arm64 2020.1 OK
r-release-macos-x86_64 2020.1 OK
r-release-windows-ix86+x86_64 2020.1 4.00 27.00 31.00 OK
r-oldrel-macos-x86_64 2020.1 OK
r-oldrel-windows-ix86+x86_64 2020.1 5.00 47.00 52.00 OK

Check Details

Version: 2020.1
Check: PDF version of manual
Result: WARN
    LaTeX errors when creating PDF version.
    This typically indicates Rd problems.
Flavor: r-devel-windows-x86_64-gcc10-UCRT

Version: 2020.1
Check: PDF version of manual without hyperrefs or index
Result: ERROR
    Re-running with no redirection of stdout/stderr.
Flavor: r-devel-windows-x86_64-gcc10-UCRT