CRAN Package Check Results for Package condTruncMVN

Last updated on 2021-09-25 06:49:15 CEST.

Flavor Version Tinstall Tcheck Ttotal Status Flags
r-devel-linux-x86_64-debian-clang 0.0.2 8.48 71.04 79.52 NOTE
r-devel-linux-x86_64-debian-gcc 0.0.2 6.21 54.72 60.93 NOTE
r-devel-linux-x86_64-fedora-clang 0.0.2 101.58 NOTE
r-devel-linux-x86_64-fedora-gcc 0.0.2 91.90 NOTE
r-devel-windows-x86_64 0.0.2 9.00 71.00 80.00 NOTE
r-devel-windows-x86_64-gcc10-UCRT 0.0.2 NOTE
r-patched-linux-x86_64 0.0.2 7.56 68.33 75.89 NOTE
r-patched-solaris-x86 0.0.2 136.70 NOTE
r-release-linux-x86_64 0.0.2 7.20 68.44 75.64 NOTE
r-release-macos-arm64 0.0.2 NOTE
r-release-macos-x86_64 0.0.2 NOTE
r-release-windows-ix86+x86_64 0.0.2 17.00 71.00 88.00 NOTE
r-oldrel-macos-x86_64 0.0.2 OK
r-oldrel-windows-ix86+x86_64 0.0.2 15.00 70.00 85.00 OK

Check Details

Version: 0.0.2
Check: LazyData
Result: NOTE
     'LazyData' is specified without a 'data' directory
Flavors: r-devel-linux-x86_64-debian-clang, r-devel-linux-x86_64-debian-gcc, r-devel-linux-x86_64-fedora-clang, r-devel-linux-x86_64-fedora-gcc, r-devel-windows-x86_64, r-devel-windows-x86_64-gcc10-UCRT, r-patched-linux-x86_64, r-patched-solaris-x86, r-release-linux-x86_64, r-release-macos-arm64, r-release-macos-x86_64, r-release-windows-ix86+x86_64

Version: 0.0.2
Check: Rd cross-references
Result: NOTE
    Undeclared package ‘mvtnorm’ in Rd xrefs
Flavor: r-devel-linux-x86_64-fedora-clang