CRAN Package Check Results for Package condusco

Last updated on 2021-09-17 06:48:39 CEST.

Flavor Version Tinstall Tcheck Ttotal Status Flags
r-devel-linux-x86_64-debian-clang 0.1.0 5.24 68.01 73.25 NOTE
r-devel-linux-x86_64-debian-gcc 0.1.0 4.50 50.45 54.95 NOTE
r-devel-linux-x86_64-fedora-clang 0.1.0 92.82 NOTE
r-devel-linux-x86_64-fedora-gcc 0.1.0 80.61 NOTE
r-devel-windows-x86_64 0.1.0 8.00 96.00 104.00 NOTE
r-devel-windows-x86_64-gcc10-UCRT 0.1.0 NOTE
r-patched-linux-x86_64 0.1.0 5.33 64.40 69.73 NOTE
r-patched-solaris-x86 0.1.0 122.30 NOTE
r-release-linux-x86_64 0.1.0 4.98 63.92 68.90 NOTE
r-release-macos-arm64 0.1.0 NOTE
r-release-macos-x86_64 0.1.0 NOTE
r-release-windows-ix86+x86_64 0.1.0 16.00 64.00 80.00 NOTE
r-oldrel-macos-x86_64 0.1.0 OK
r-oldrel-windows-ix86+x86_64 0.1.0 13.00 86.00 99.00 OK

Check Details

Version: 0.1.0
Check: LazyData
Result: NOTE
     'LazyData' is specified without a 'data' directory
Flavors: r-devel-linux-x86_64-debian-clang, r-devel-linux-x86_64-debian-gcc, r-devel-linux-x86_64-fedora-clang, r-devel-linux-x86_64-fedora-gcc, r-devel-windows-x86_64, r-devel-windows-x86_64-gcc10-UCRT, r-patched-linux-x86_64, r-patched-solaris-x86, r-release-linux-x86_64, r-release-macos-arm64, r-release-macos-x86_64, r-release-windows-ix86+x86_64