CRAN Package Check Results for Package conflicted

Last updated on 2021-10-22 12:59:09 CEST.

Flavor Version Tinstall Tcheck Ttotal Status Flags
r-devel-linux-x86_64-debian-clang 1.0.4 2.51 26.28 28.79 NOTE
r-devel-linux-x86_64-debian-gcc 1.0.4 2.02 21.04 23.06 NOTE
r-devel-linux-x86_64-fedora-clang 1.0.4 46.63 NOTE
r-devel-linux-x86_64-fedora-gcc 1.0.4 162.07 NOTE
r-devel-windows-x86_64 1.0.4 5.00 43.00 48.00 NOTE
r-devel-windows-x86_64-gcc10-UCRT 1.0.4 NOTE
r-patched-linux-x86_64 1.0.4 2.68 25.69 28.37 NOTE
r-patched-solaris-x86 1.0.4 55.20 NOTE
r-release-linux-x86_64 1.0.4 2.72 25.66 28.38 NOTE
r-release-macos-arm64 1.0.4 NOTE
r-release-macos-x86_64 1.0.4 ERROR
r-release-windows-ix86+x86_64 1.0.4 4.00 43.00 47.00 NOTE
r-oldrel-macos-x86_64 1.0.4 ERROR
r-oldrel-windows-ix86+x86_64 1.0.4 7.00 45.00 52.00 OK

Check Details

Version: 1.0.4
Check: LazyData
Result: NOTE
     'LazyData' is specified without a 'data' directory
Flavors: r-devel-linux-x86_64-debian-clang, r-devel-linux-x86_64-debian-gcc, r-devel-linux-x86_64-fedora-clang, r-devel-linux-x86_64-fedora-gcc, r-devel-windows-x86_64, r-devel-windows-x86_64-gcc10-UCRT, r-patched-linux-x86_64, r-patched-solaris-x86, r-release-linux-x86_64, r-release-macos-arm64, r-release-macos-x86_64, r-release-windows-ix86+x86_64

Version: 1.0.4
Check: dependencies in R code
Result: NOTE
    Namespace in Imports field not imported from: ‘memoise’
     All declared Imports should be used.
Flavors: r-devel-linux-x86_64-fedora-clang, r-devel-linux-x86_64-fedora-gcc, r-devel-windows-x86_64-gcc10-UCRT, r-patched-solaris-x86, r-release-macos-arm64, r-release-macos-x86_64, r-oldrel-macos-x86_64

Version: 1.0.4
Check: tests
Result: ERROR
     Running ‘testthat.R’ [77s/111s]
    Running the tests in ‘tests/testthat.R’ failed.
    Last 13 lines of output:
     > library(testthat)
     > library(conflicted)
     >
     > test_check("conflicted")
     ══ Failed tests ════════════════════════════════════════════════════════════════
     ── Failure (test-shim.R:50:3): shimmed library() returns same as unshimmed ─────
     library() not equal to base::library().
     Component "results": Attributes: < Component "dim": Mean relative difference: 5.567929e-05 >
     Component "results": Lengths (53880, 53883) differ (string compare on first 53880)
     Component "results": 29041 string mismatches
    
     [ FAIL 1 | WARN 0 | SKIP 0 | PASS 30 ]
     Error: Test failures
     Execution halted
Flavor: r-release-macos-x86_64

Version: 1.0.4
Check: tests
Result: ERROR
     Running ‘testthat.R’ [66s/97s]
    Running the tests in ‘tests/testthat.R’ failed.
    Last 13 lines of output:
     > library(testthat)
     > library(conflicted)
     >
     > test_check("conflicted")
     ── 1. Failure: shimmed library() returns same as unshimmed (@test-shim.R#50) ──
     library() not equal to base::library().
     Component "results": 1 string mismatch
    
     ══ testthat results ═══════════════════════════════════════════════════════════
     [ OK: 30 | SKIPPED: 0 | WARNINGS: 0 | FAILED: 1 ]
     1. Failure: shimmed library() returns same as unshimmed (@test-shim.R#50)
    
     Error: testthat unit tests failed
     Execution halted
Flavor: r-oldrel-macos-x86_64