CRAN Package Check Results for Package conmet

Last updated on 2023-02-04 00:50:46 CET.

Flavor Version Tinstall Tcheck Ttotal Status Flags
r-devel-linux-x86_64-debian-clang 0.1.0 4.62 37.20 41.82 OK
r-devel-linux-x86_64-debian-gcc 0.1.0 3.06 29.47 32.53 OK
r-devel-linux-x86_64-fedora-clang 0.1.0 53.15 NOTE
r-devel-linux-x86_64-fedora-gcc 0.1.0 52.22 NOTE
r-devel-windows-x86_64 0.1.0 14.00 73.00 87.00 OK
r-patched-linux-x86_64 0.1.0 3.54 38.52 42.06 OK
r-release-linux-x86_64 0.1.0 2.86 38.96 41.82 OK
r-release-macos-arm64 0.1.0 21.00 NOTE
r-release-macos-x86_64 0.1.0 34.00 NOTE
r-release-windows-x86_64 0.1.0 11.00 79.00 90.00 OK
r-oldrel-macos-arm64 0.1.0 22.00 NOTE
r-oldrel-macos-x86_64 0.1.0 29.00 NOTE
r-oldrel-windows-ix86+x86_64 0.1.0 16.00 67.00 83.00 OK

Check Details

Version: 0.1.0
Check: dependencies in R code
Result: NOTE
    Namespaces in Imports field not imported from:
     ‘DT’ ‘Hmisc’ ‘dplyr’ ‘foreign’ ‘lavaan’ ‘openxlsx’ ‘purrr’ ‘semTools’
     ‘shinyWidgets’ ‘stringr’ ‘summarytools’ ‘waiter’
     All declared Imports should be used.
Flavors: r-devel-linux-x86_64-fedora-clang, r-devel-linux-x86_64-fedora-gcc, r-release-macos-arm64, r-release-macos-x86_64, r-oldrel-macos-arm64, r-oldrel-macos-x86_64