CRAN Package Check Results for Package contTimeCausal

Last updated on 2021-09-20 07:50:25 CEST.

Flavor Version Tinstall Tcheck Ttotal Status Flags
r-devel-linux-x86_64-debian-clang 1.0 10.07 155.81 165.88 OK
r-devel-linux-x86_64-debian-gcc 1.0 7.57 118.07 125.64 OK
r-devel-linux-x86_64-fedora-clang 1.0 200.07 OK
r-devel-linux-x86_64-fedora-gcc 1.0 188.29 OK
r-devel-windows-x86_64 1.0 10.00 160.00 170.00 OK
r-devel-windows-x86_64-gcc10-UCRT 1.0 ERROR
r-patched-linux-x86_64 1.0 8.05 141.82 149.87 OK
r-patched-solaris-x86 1.0 295.20 OK
r-release-linux-x86_64 1.0 8.65 143.77 152.42 OK
r-release-macos-arm64 1.0 OK
r-release-macos-x86_64 1.0 OK
r-release-windows-ix86+x86_64 1.0 21.00 154.00 175.00 OK
r-oldrel-macos-x86_64 1.0 OK
r-oldrel-windows-ix86+x86_64 1.0 23.00 201.00 224.00 OK

Check Details

Version: 1.0
Check: whether package can be installed
Result: WARN
    Found the following significant warnings:
     WARNING: installation-time patches will not be applied, could not get the patches index
Flavor: r-devel-windows-x86_64-gcc10-UCRT

Version: 1.0
Check: PDF version of manual
Result: WARN
    LaTeX errors when creating PDF version.
    This typically indicates Rd problems.
Flavor: r-devel-windows-x86_64-gcc10-UCRT

Version: 1.0
Check: PDF version of manual without hyperrefs or index
Result: ERROR
    Re-running with no redirection of stdout/stderr.
Flavor: r-devel-windows-x86_64-gcc10-UCRT