CRAN Package Check Results for Package copulaedas

Last updated on 2021-09-25 06:49:15 CEST.

Flavor Version Tinstall Tcheck Ttotal Status Flags
r-devel-linux-x86_64-debian-clang 1.4.3 11.02 99.97 110.99 NOTE
r-devel-linux-x86_64-debian-gcc 1.4.3 9.33 75.20 84.53 NOTE
r-devel-linux-x86_64-fedora-clang 1.4.3 142.59 NOTE
r-devel-linux-x86_64-fedora-gcc 1.4.3 131.55 NOTE
r-devel-windows-x86_64 1.4.3 13.00 93.00 106.00 OK
r-devel-windows-x86_64-gcc10-UCRT 1.4.3 NOTE
r-patched-linux-x86_64 1.4.3 11.93 95.93 107.86 NOTE
r-patched-solaris-x86 1.4.3 195.20 NOTE
r-release-linux-x86_64 1.4.3 11.55 96.05 107.60 NOTE
r-release-macos-arm64 1.4.3 NOTE
r-release-macos-x86_64 1.4.3 NOTE
r-release-windows-ix86+x86_64 1.4.3 27.00 86.00 113.00 OK
r-oldrel-macos-x86_64 1.4.3 NOTE
r-oldrel-windows-ix86+x86_64 1.4.3 19.00 88.00 107.00 OK

Check Details

Version: 1.4.3
Check: package dependencies
Result: NOTE
    Package suggested but not available for checking: 'cec2005benchmark'
Flavors: r-devel-linux-x86_64-debian-clang, r-devel-linux-x86_64-debian-gcc, r-devel-linux-x86_64-fedora-clang, r-devel-linux-x86_64-fedora-gcc, r-devel-windows-x86_64-gcc10-UCRT, r-patched-linux-x86_64, r-patched-solaris-x86, r-release-linux-x86_64, r-release-macos-arm64, r-release-macos-x86_64, r-oldrel-macos-x86_64