CRAN Package Check Results for Package corHMM

Last updated on 2021-10-21 12:57:56 CEST.

Flavor Version Tinstall Tcheck Ttotal Status Flags
r-devel-linux-x86_64-debian-clang 2.7 18.43 198.42 216.85 OK
r-devel-linux-x86_64-debian-gcc 2.7 12.37 145.39 157.76 OK
r-devel-linux-x86_64-fedora-clang 2.7 269.09 OK
r-devel-linux-x86_64-fedora-gcc 2.7 267.44 OK
r-devel-windows-x86_64 2.7 30.00 260.00 290.00 OK
r-devel-windows-x86_64-gcc10-UCRT 2.7 ERROR
r-patched-linux-x86_64 2.7 18.27 186.38 204.65 OK
r-patched-solaris-x86 2.7 270.00 OK
r-release-linux-x86_64 2.7 12.44 186.89 199.33 OK
r-release-macos-arm64 2.7 OK
r-release-macos-x86_64 2.7 OK
r-release-windows-ix86+x86_64 2.7 28.00 236.00 264.00 OK
r-oldrel-macos-x86_64 2.7 OK
r-oldrel-windows-ix86+x86_64 2.7 42.00 244.00 286.00 OK

Check Details

Version: 2.7
Check: package dependencies
Result: ERROR
    Packages required but not available: 'phangorn', 'igraph', 'phytools'
    
    See section 'The DESCRIPTION file' in the 'Writing R Extensions'
    manual.
Flavor: r-devel-windows-x86_64-gcc10-UCRT