CRAN Package Check Results for Package coreSim

Last updated on 2022-01-18 07:52:21 CET.

Flavor Version Tinstall Tcheck Ttotal Status Flags
r-devel-linux-x86_64-debian-clang 0.2.4 4.27 61.02 65.29 OK
r-devel-linux-x86_64-debian-gcc 0.2.4 3.08 48.34 51.42 OK
r-devel-linux-x86_64-fedora-clang 0.2.4 81.34 OK
r-devel-linux-x86_64-fedora-gcc 0.2.4 67.38 OK
r-devel-windows-x86_64-new-UL 0.2.4 25.00 80.00 105.00 OK
r-devel-windows-x86_64-new-TK 0.2.4 ERROR
r-patched-linux-x86_64 0.2.4 3.81 57.64 61.45 OK
r-release-linux-x86_64 0.2.4 OK
r-release-macos-arm64 0.2.4 OK
r-release-macos-x86_64 0.2.4 OK
r-release-windows-ix86+x86_64 0.2.4 11.00 72.00 83.00 OK
r-oldrel-macos-x86_64 0.2.4 OK
r-oldrel-windows-ix86+x86_64 0.2.4 12.00 72.00 84.00 OK

Check Details

Version: 0.2.4
Check: package dependencies
Result: NOTE
    Package suggested but not available for checking: 'car'
Flavor: r-devel-windows-x86_64-new-TK

Version: 0.2.4
Check: examples
Result: ERROR
    Running examples in 'coreSim-Ex.R' failed
    The error most likely occurred in:
    
    > ### Name: b_sim
    > ### Title: Simulate coefficients from a GLM by making draws from the
    > ### multivariate normal distribution
    > ### Aliases: b_sim
    >
    > ### ** Examples
    >
    > library(car)
    Error in library(car) : there is no package called 'car'
    Execution halted
Flavor: r-devel-windows-x86_64-new-TK

Version: 0.2.4
Check: tests
Result: ERROR
     Running 'testthat.R'
    Running the tests in 'tests/testthat.R' failed.
    Complete output:
     > library(testthat)
     > library(coreSim)
     > library(car)
     Error in library(car) : there is no package called 'car'
     Execution halted
Flavor: r-devel-windows-x86_64-new-TK