CRAN Package Check Results for Package corehunter

Last updated on 2021-10-16 06:48:06 CEST.

Flavor Version Tinstall Tcheck Ttotal Status Flags
r-devel-linux-x86_64-debian-clang 3.2.1 5.38 226.84 232.22 NOTE
r-devel-linux-x86_64-debian-gcc 3.2.1 3.49 175.70 179.19 NOTE
r-devel-linux-x86_64-fedora-clang 3.2.1 283.50 NOTE
r-devel-linux-x86_64-fedora-gcc 3.2.1 268.71 NOTE
r-devel-windows-x86_64 3.2.1 8.00 128.00 136.00 NOTE
r-devel-windows-x86_64-gcc10-UCRT 3.2.1 NOTE
r-patched-linux-x86_64 3.2.1 5.16 222.90 228.06 NOTE
r-release-linux-x86_64 3.2.1 4.56 219.21 223.77 NOTE
r-release-macos-arm64 3.2.1 NOTE
r-release-macos-x86_64 3.2.1 NOTE
r-release-windows-ix86+x86_64 3.2.1 13.00 171.00 184.00 NOTE
r-oldrel-macos-x86_64 3.2.1 OK
r-oldrel-windows-ix86+x86_64 3.2.1 13.00 159.00 172.00 OK

Check Details

Version: 3.2.1
Check: LazyData
Result: NOTE
     'LazyData' is specified without a 'data' directory
Flavors: r-devel-linux-x86_64-debian-clang, r-devel-linux-x86_64-debian-gcc, r-devel-linux-x86_64-fedora-clang, r-devel-linux-x86_64-fedora-gcc, r-devel-windows-x86_64, r-devel-windows-x86_64-gcc10-UCRT, r-patched-linux-x86_64, r-release-linux-x86_64, r-release-macos-arm64, r-release-macos-x86_64, r-release-windows-ix86+x86_64