CRAN Package Check Results for Package correlation

Last updated on 2021-10-22 12:59:10 CEST.

Flavor Version Tinstall Tcheck Ttotal Status Flags
r-devel-linux-x86_64-debian-clang 0.7.1 6.68 166.26 172.94 OK
r-devel-linux-x86_64-debian-gcc 0.7.1 4.77 122.53 127.30 OK
r-devel-linux-x86_64-fedora-clang 0.7.1 218.06 OK
r-devel-linux-x86_64-fedora-gcc 0.7.1 206.91 OK
r-devel-windows-x86_64 0.7.1 8.00 226.00 234.00 OK
r-devel-windows-x86_64-gcc10-UCRT 0.7.1 NOTE
r-patched-linux-x86_64 0.7.1 8.31 154.58 162.89 OK
r-patched-solaris-x86 0.7.1 265.30 OK
r-release-linux-x86_64 0.7.1 6.22 155.43 161.65 OK
r-release-macos-arm64 0.7.0 OK
r-release-macos-x86_64 0.7.1 OK
r-release-windows-ix86+x86_64 0.7.1 8.00 206.00 214.00 OK
r-oldrel-macos-x86_64 0.7.1 OK
r-oldrel-windows-ix86+x86_64 0.7.1 8.00 160.00 168.00 OK

Check Details

Version: 0.7.1
Check: package dependencies
Result: NOTE
    Package suggested but not available for checking: 'rstanarm'
Flavor: r-devel-windows-x86_64-gcc10-UCRT