CRAN Package Check Results for Package coveffectsplot

Last updated on 2021-09-21 06:48:16 CEST.

Flavor Version Tinstall Tcheck Ttotal Status Flags
r-devel-linux-x86_64-debian-clang 0.0.9.1 3.73 217.07 220.80 OK
r-devel-linux-x86_64-debian-gcc 0.0.9.1 2.76 150.73 153.49 OK
r-devel-linux-x86_64-fedora-clang 0.0.9.1 255.68 NOTE
r-devel-linux-x86_64-fedora-gcc 0.0.9.1 243.41 NOTE
r-devel-windows-x86_64 0.0.9.1 5.00 192.00 197.00 OK
r-devel-windows-x86_64-gcc10-UCRT 0.0.9.1 ERROR
r-patched-linux-x86_64 0.0.9.1 3.86 205.39 209.25 OK
r-patched-solaris-x86 0.0.9.1 337.70 NOTE
r-release-linux-x86_64 0.0.9.1 3.66 204.58 208.24 OK
r-release-macos-arm64 0.0.9.1 NOTE
r-release-macos-x86_64 0.0.9.1 NOTE
r-release-windows-ix86+x86_64 0.0.9.1 8.00 198.00 206.00 OK
r-oldrel-macos-x86_64 0.0.9.1 NOTE
r-oldrel-windows-ix86+x86_64 0.0.9.1 8.00 258.00 266.00 OK

Check Details

Version: 0.0.9.1
Check: dependencies in R code
Result: NOTE
    Namespaces in Imports field not imported from:
     ‘colourpicker’ ‘dplyr’ ‘markdown’ ‘shinyjs’ ‘table1’ ‘tidyr’
     All declared Imports should be used.
Flavors: r-devel-linux-x86_64-fedora-clang, r-devel-linux-x86_64-fedora-gcc, r-devel-windows-x86_64-gcc10-UCRT, r-patched-solaris-x86, r-release-macos-arm64, r-release-macos-x86_64, r-oldrel-macos-x86_64

Version: 0.0.9.1
Check: whether package can be installed
Result: WARN
    Found the following significant warnings:
     WARNING: installation-time patches will not be applied, could not get the patches index
Flavor: r-devel-windows-x86_64-gcc10-UCRT

Version: 0.0.9.1
Check: re-building of vignette outputs
Result: WARN
    Error(s) in re-building vignettes:
    --- re-building 'Exposure_Response_Example.Rmd' using rmarkdown
    Building exprespmodel ... error.
    Warning message:
    In system(cmd) : 'make' not foundQuitting from lines 56-102 (Exposure_Response_Example.Rmd)
    Error: processing vignette 'Exposure_Response_Example.Rmd' failed with diagnostics:
    the model build step failed.
    --- failed re-building 'Exposure_Response_Example.Rmd'
    
    --- re-building 'Introduction_to_coveffectsplot.Rmd' using rmarkdown
    Picking joint bandwidth of 0.0273
    Picking joint bandwidth of 0.0326
    Warning: Removed 57 rows containing non-finite values (stat_density).
    --- finished re-building 'Introduction_to_coveffectsplot.Rmd'
    
    --- re-building 'PKPD_Example.Rmd' using rmarkdown
    Building codepkpdmodelcov ... error.
    Warning message:
    In system(cmd) : 'make' not foundQuitting from lines 67-138 (PKPD_Example.Rmd)
    Error: processing vignette 'PKPD_Example.Rmd' failed with diagnostics:
    the model build step failed.
    --- failed re-building 'PKPD_Example.Rmd'
    
    --- re-building 'PK_Example.Rmd' using rmarkdown
    Building codepkmodelcov ... error.
    Warning message:
    In system(cmd) : 'make' not foundQuitting from lines 62-109 (PK_Example.Rmd)
    Error: processing vignette 'PK_Example.Rmd' failed with diagnostics:
    the model build step failed.
    --- failed re-building 'PK_Example.Rmd'
    
    --- re-building 'Pediatric_Cov_Sim.Rmd' using rmarkdown
    Building pedpkmodelcov ... error.
    Warning message:
    In system(cmd) : 'make' not foundQuitting from lines 45-115 (Pediatric_Cov_Sim.Rmd)
    Error: processing vignette 'Pediatric_Cov_Sim.Rmd' failed with diagnostics:
    the model build step failed.
    --- failed re-building 'Pediatric_Cov_Sim.Rmd'
    
    SUMMARY: processing the following files failed:
     'Exposure_Response_Example.Rmd' 'PKPD_Example.Rmd' 'PK_Example.Rmd'
     'Pediatric_Cov_Sim.Rmd'
    
    Error: Vignette re-building failed.
    Execution halted
Flavor: r-devel-windows-x86_64-gcc10-UCRT

Version: 0.0.9.1
Check: PDF version of manual
Result: WARN
    LaTeX errors when creating PDF version.
    This typically indicates Rd problems.
Flavor: r-devel-windows-x86_64-gcc10-UCRT

Version: 0.0.9.1
Check: PDF version of manual without hyperrefs or index
Result: ERROR
    Re-running with no redirection of stdout/stderr.
Flavor: r-devel-windows-x86_64-gcc10-UCRT