CRAN Package Check Results for Package covidcast

Last updated on 2021-09-23 07:49:30 CEST.

Flavor Version Tinstall Tcheck Ttotal Status Flags
r-devel-linux-x86_64-debian-clang 0.4.2 6.31 138.17 144.48 OK
r-devel-linux-x86_64-debian-gcc 0.4.2 5.62 100.82 106.44 OK
r-devel-linux-x86_64-fedora-clang 0.4.2 177.41 NOTE
r-devel-linux-x86_64-fedora-gcc 0.4.2 170.51 NOTE
r-devel-windows-x86_64 0.4.2 8.00 189.00 197.00 OK
r-devel-windows-x86_64-gcc10-UCRT 0.4.2 ERROR
r-patched-linux-x86_64 0.4.2 4.89 135.22 140.11 OK
r-patched-solaris-x86 0.4.2 127.30 NOTE
r-release-linux-x86_64 0.4.2 5.60 134.00 139.60 OK
r-release-macos-arm64 0.4.2 NOTE
r-release-macos-x86_64 0.4.2 NOTE
r-release-windows-ix86+x86_64 0.4.2 15.00 187.00 202.00 OK
r-oldrel-macos-x86_64 0.4.2 NOTE
r-oldrel-windows-ix86+x86_64 0.4.2 12.00 184.00 196.00 OK

Check Details

Version: 0.4.2
Check: data for non-ASCII characters
Result: NOTE
     Note: found 20 marked UTF-8 strings
Flavors: r-devel-linux-x86_64-fedora-clang, r-devel-linux-x86_64-fedora-gcc, r-patched-solaris-x86, r-release-macos-arm64, r-release-macos-x86_64, r-oldrel-macos-x86_64

Version: 0.4.2
Check: package dependencies
Result: ERROR
    Package required but not available: 'sf'
    
    Package suggested but not available for checking: 'vdiffr'
    
    See section 'The DESCRIPTION file' in the 'Writing R Extensions'
    manual.
Flavor: r-devel-windows-x86_64-gcc10-UCRT

Version: 0.4.2
Check: installed package size
Result: NOTE
     installed size is 5.1Mb
     sub-directories of 1Mb or more:
     doc 3.9Mb
Flavor: r-patched-solaris-x86