CRAN Package Check Results for Package cpm

Last updated on 2021-09-19 06:48:51 CEST.

Flavor Version Tinstall Tcheck Ttotal Status Flags
r-devel-linux-x86_64-debian-clang 2.3 30.28 30.82 61.10 OK
r-devel-linux-x86_64-debian-gcc 2.3 124.25 24.47 148.72 OK
r-devel-linux-x86_64-fedora-clang 2.3 103.51 NOTE
r-devel-linux-x86_64-fedora-gcc 2.3 279.44 NOTE
r-devel-windows-x86_64 2.3 81.00 51.00 132.00 OK
r-devel-windows-x86_64-gcc10-UCRT 2.3 ERROR
r-patched-linux-x86_64 2.3 128.81 30.16 158.97 OK
r-patched-solaris-x86 2.3 984.90 OK
r-release-linux-x86_64 2.3 129.66 29.99 159.65 OK
r-release-macos-arm64 2.3 OK
r-release-macos-x86_64 2.3 OK
r-release-windows-ix86+x86_64 2.3 223.00 48.00 271.00 OK
r-oldrel-macos-x86_64 2.3 OK
r-oldrel-windows-ix86+x86_64 2.3 180.00 48.00 228.00 OK

Check Details

Version: 2.3
Check: compiled code
Result: NOTE
    File ‘cpm/libs/cpm.so’:
     Found no calls to: ‘R_registerRoutines’, ‘R_useDynamicSymbols’
    
    It is good practice to register native routines and to disable symbol
    search.
    
    See ‘Writing portable packages’ in the ‘Writing R Extensions’ manual.
Flavors: r-devel-linux-x86_64-fedora-clang, r-devel-linux-x86_64-fedora-gcc

Version: 2.3
Check: whether package can be installed
Result: ERROR
    Installation failed.
Flavor: r-devel-windows-x86_64-gcc10-UCRT