CRAN Package Check Results for Package crs

Last updated on 2021-09-22 06:48:21 CEST.

Flavor Version Tinstall Tcheck Ttotal Status Flags
r-devel-linux-x86_64-debian-clang 0.15-33 271.13 237.99 509.12 OK
r-devel-linux-x86_64-debian-gcc 0.15-33 207.35 184.23 391.58 OK
r-devel-linux-x86_64-fedora-clang 0.15-33 747.73 NOTE
r-devel-linux-x86_64-fedora-gcc 0.15-33 664.18 OK
r-devel-windows-x86_64 0.15-33 250.00 126.00 376.00 OK --no-vignettes
r-devel-windows-x86_64-gcc10-UCRT 0.15-33 ERROR
r-patched-linux-x86_64 0.15-33 234.81 233.86 468.67 OK
r-patched-solaris-x86 0.15-33 969.00 NOTE
r-release-linux-x86_64 0.15-33 236.12 234.99 471.11 OK
r-release-macos-arm64 0.15-33 NOTE
r-release-macos-x86_64 0.15-33 NOTE
r-release-windows-ix86+x86_64 0.15-33 639.00 158.00 797.00 NOTE --no-vignettes
r-oldrel-macos-x86_64 0.15-33 NOTE
r-oldrel-windows-ix86+x86_64 0.15-33 635.00 149.00 784.00 NOTE --no-vignettes

Check Details

Version: 0.15-33
Check: installed package size
Result: NOTE
     installed size is 21.3Mb
     sub-directories of 1Mb or more:
     libs 19.6Mb
Flavors: r-devel-linux-x86_64-fedora-clang, r-patched-solaris-x86, r-release-macos-arm64, r-release-macos-x86_64, r-oldrel-macos-x86_64

Version: 0.15-33
Check: package dependencies
Result: NOTE
    Package suggested but not available for checking: 'rgl'
Flavor: r-devel-windows-x86_64-gcc10-UCRT

Version: 0.15-33
Check: whether package can be installed
Result: ERROR
    Installation failed.
Flavor: r-devel-windows-x86_64-gcc10-UCRT

Version: 0.15-33
Flags: --no-vignettes
Check: installed package size
Result: NOTE
     installed size is 8.2Mb
     sub-directories of 1Mb or more:
     libs 6.6Mb
Flavors: r-release-windows-ix86+x86_64, r-oldrel-windows-ix86+x86_64