CRAN Package Check Results for Package crseEventStudy

Last updated on 2021-09-22 06:48:21 CEST.

Flavor Version Tinstall Tcheck Ttotal Status Flags
r-devel-linux-x86_64-debian-clang 1.2.1 2.13 29.02 31.15 OK
r-devel-linux-x86_64-debian-gcc 1.2.1 1.78 22.80 24.58 OK
r-devel-linux-x86_64-fedora-clang 1.2.1 46.51 OK
r-devel-linux-x86_64-fedora-gcc 1.2.1 36.45 OK
r-devel-windows-x86_64 1.2.1 4.00 36.00 40.00 OK
r-devel-windows-x86_64-gcc10-UCRT 1.2.1 ERROR
r-patched-linux-x86_64 1.2.1 2.40 28.25 30.65 OK
r-patched-solaris-x86 1.2.1 57.30 OK
r-release-linux-x86_64 1.2.1 2.28 28.16 30.44 OK
r-release-macos-arm64 1.2.1 OK
r-release-macos-x86_64 1.2.1 OK
r-release-windows-ix86+x86_64 1.2.1 6.00 37.00 43.00 OK
r-oldrel-macos-x86_64 1.2.1 OK
r-oldrel-windows-ix86+x86_64 1.2.1 6.00 39.00 45.00 OK

Check Details

Version: 1.2.1
Check: PDF version of manual
Result: WARN
    LaTeX errors when creating PDF version.
    This typically indicates Rd problems.
Flavor: r-devel-windows-x86_64-gcc10-UCRT

Version: 1.2.1
Check: PDF version of manual without hyperrefs or index
Result: ERROR
    Re-running with no redirection of stdout/stderr.
Flavor: r-devel-windows-x86_64-gcc10-UCRT