CRAN Package Check Results for Package crsuggest

Last updated on 2022-10-07 01:51:21 CEST.

Flavor Version Tinstall Tcheck Ttotal Status Flags
r-devel-linux-x86_64-debian-clang 0.4 46.23 310.01 356.24 OK
r-devel-linux-x86_64-debian-gcc 0.4 37.28 225.62 262.90 OK
r-devel-linux-x86_64-fedora-clang 0.4 464.20 NOTE
r-devel-linux-x86_64-fedora-gcc 0.4 428.10 OK
r-devel-windows-x86_64 0.4 47.00 290.00 337.00 NOTE
r-patched-linux-x86_64 0.4 33.68 293.79 327.47 OK
r-release-linux-x86_64 0.4 36.88 296.08 332.96 OK
r-release-macos-arm64 0.4 100.00 NOTE
r-release-macos-x86_64 0.4 130.00 NOTE
r-release-windows-x86_64 0.4 40.00 290.00 330.00 NOTE
r-oldrel-macos-arm64 0.4 93.00 NOTE
r-oldrel-macos-x86_64 0.4 122.00 NOTE
r-oldrel-windows-ix86+x86_64 0.4 87.00 299.00 386.00 NOTE

Check Details

Version: 0.4
Check: installed package size
Result: NOTE
     installed size is 5.8Mb
     sub-directories of 1Mb or more:
     data 5.7Mb
Flavors: r-devel-linux-x86_64-fedora-clang, r-devel-windows-x86_64, r-release-macos-arm64, r-release-macos-x86_64, r-release-windows-x86_64, r-oldrel-macos-arm64, r-oldrel-macos-x86_64, r-oldrel-windows-ix86+x86_64