Last updated on 2023-09-23 01:54:09 CEST.
Flavor | Version | Tinstall | Tcheck | Ttotal | Status | Flags |
---|---|---|---|---|---|---|
r-devel-linux-x86_64-debian-clang | 0.4 | 43.57 | 341.46 | 385.03 | OK | |
r-devel-linux-x86_64-debian-gcc | 0.4 | 37.08 | 244.88 | 281.96 | OK | |
r-devel-linux-x86_64-fedora-clang | 0.4 | 337.62 | NOTE | |||
r-devel-linux-x86_64-fedora-gcc | 0.4 | 489.60 | OK | |||
r-devel-windows-x86_64 | 0.4 | 36.00 | 213.00 | 249.00 | NOTE | |
r-patched-linux-x86_64 | 0.4 | 35.50 | 326.75 | 362.25 | OK | |
r-release-linux-x86_64 | 0.4 | 29.57 | 323.42 | 352.99 | OK | |
r-release-macos-arm64 | 0.4 | 125.00 | NOTE | |||
r-release-macos-x86_64 | 0.4 | 198.00 | NOTE | |||
r-release-windows-x86_64 | 0.4 | 54.00 | 285.00 | 339.00 | NOTE | |
r-oldrel-macos-arm64 | 0.4 | 100.00 | NOTE | |||
r-oldrel-macos-x86_64 | 0.4 | 130.00 | NOTE | |||
r-oldrel-windows-x86_64 | 0.4 | 51.00 | 265.00 | 316.00 | NOTE |
Version: 0.4
Check: installed package size
Result: NOTE
installed size is 5.8Mb
sub-directories of 1Mb or more:
data 5.7Mb
Flavors: r-devel-linux-x86_64-fedora-clang, r-devel-windows-x86_64, r-release-macos-arm64, r-release-macos-x86_64, r-release-windows-x86_64, r-oldrel-macos-arm64, r-oldrel-macos-x86_64, r-oldrel-windows-x86_64