CRAN Package Check Results for Package csvread

Last updated on 2021-09-21 06:48:16 CEST.

Flavor Version Tinstall Tcheck Ttotal Status Flags
r-devel-linux-x86_64-debian-clang 1.2.1 5.27 23.53 28.80 NOTE
r-devel-linux-x86_64-debian-gcc 1.2.1 3.90 18.67 22.57 NOTE
r-devel-linux-x86_64-fedora-clang 1.2.1 46.14 NOTE
r-devel-linux-x86_64-fedora-gcc 1.2.1 34.22 NOTE
r-devel-windows-x86_64 1.2.1 9.00 33.00 42.00 NOTE
r-devel-windows-x86_64-gcc10-UCRT 1.2.1 ERROR
r-patched-linux-x86_64 1.2.1 4.96 22.58 27.54 NOTE
r-patched-solaris-x86 1.2.1 56.80 NOTE
r-release-linux-x86_64 1.2.1 5.02 22.95 27.97 NOTE
r-release-macos-arm64 1.2.1 NOTE
r-release-macos-x86_64 1.2.1 NOTE
r-release-windows-ix86+x86_64 1.2.1 17.00 45.00 62.00 NOTE
r-oldrel-macos-x86_64 1.2.1 OK
r-oldrel-windows-ix86+x86_64 1.2.1 14.00 46.00 60.00 OK

Check Details

Version: 1.2.1
Check: LazyData
Result: NOTE
     'LazyData' is specified without a 'data' directory
Flavors: r-devel-linux-x86_64-debian-clang, r-devel-linux-x86_64-debian-gcc, r-devel-linux-x86_64-fedora-clang, r-devel-linux-x86_64-fedora-gcc, r-devel-windows-x86_64, r-patched-linux-x86_64, r-patched-solaris-x86, r-release-linux-x86_64, r-release-macos-arm64, r-release-macos-x86_64, r-release-windows-ix86+x86_64

Version: 1.2.1
Check: whether package can be installed
Result: ERROR
    Installation failed.
Flavor: r-devel-windows-x86_64-gcc10-UCRT